CRAN Package Check Results for Package mrMLM

Last updated on 2025-01-19 05:49:15 CET.

Flavor Version Tinstall Tcheck Ttotal Status Flags
r-devel-linux-x86_64-debian-clang 5.0.1 42.33 150.84 193.17 NOTE
r-devel-linux-x86_64-debian-gcc 5.0.1 26.43 105.74 132.17 NOTE
r-devel-linux-x86_64-fedora-clang 5.0.1 337.75 NOTE
r-devel-linux-x86_64-fedora-gcc 5.0.1 302.30 NOTE
r-devel-windows-x86_64 5.0.1 42.00 173.00 215.00 NOTE
r-patched-linux-x86_64 5.0.1 41.18 141.52 182.70 NOTE
r-release-linux-x86_64 5.0.1 41.80 140.85 182.65 NOTE
r-release-macos-arm64 5.0.1 83.00 NOTE
r-release-macos-x86_64 5.0.1 135.00 NOTE
r-release-windows-x86_64 5.0.1 46.00 173.00 219.00 NOTE
r-oldrel-macos-arm64 5.0.1 90.00 OK
r-oldrel-macos-x86_64 5.0.1 162.00 OK
r-oldrel-windows-x86_64 5.0.1 52.00 226.00 278.00 OK

Check Details

Version: 5.0.1
Check: Rd files
Result: NOTE checkRd: (-1) MultiManhattan.Rd:33: Lost braces; missing escapes or markup? 33 | \item{LogTimes}{Magnification of {-log10(P-value)}; the default is | ^ checkRd: (-1) MultiManhattan.Rd:35: Lost braces; missing escapes or markup? 35 | \item{LODTimes}{Magnification of {LOD score}; the default is 1.2.} | ^ Flavors: r-devel-linux-x86_64-debian-clang, r-devel-linux-x86_64-debian-gcc, r-devel-linux-x86_64-fedora-clang, r-devel-linux-x86_64-fedora-gcc, r-devel-windows-x86_64, r-patched-linux-x86_64, r-release-linux-x86_64, r-release-macos-arm64, r-release-macos-x86_64, r-release-windows-x86_64

Version: 5.0.1
Check: installed package size
Result: NOTE installed size is 5.2Mb sub-directories of 1Mb or more: extdata 1.7Mb libs 2.3Mb Flavors: r-release-macos-arm64, r-release-macos-x86_64