Last updated on 2025-01-19 05:49:15 CET.
Flavor | Version | Tinstall | Tcheck | Ttotal | Status | Flags |
---|---|---|---|---|---|---|
r-devel-linux-x86_64-debian-clang | 0.5.2 | 485.16 | 154.07 | 639.23 | OK | |
r-devel-linux-x86_64-debian-gcc | 0.5.2 | 461.80 | 151.18 | 612.98 | OK | |
r-devel-linux-x86_64-fedora-clang | 0.5.2 | 1069.25 | OK | |||
r-devel-linux-x86_64-fedora-gcc | 0.5.2 | 1502.91 | OK | |||
r-devel-windows-x86_64 | 0.5.2 | 477.00 | 216.00 | 693.00 | OK | |
r-patched-linux-x86_64 | 0.5.2 | 519.80 | 200.07 | 719.87 | NOTE | |
r-release-linux-x86_64 | 0.5.2 | 624.47 | 198.06 | 822.53 | NOTE | |
r-release-macos-arm64 | 0.5.2 | 279.00 | NOTE | |||
r-release-macos-x86_64 | 0.5.2 | 357.00 | NOTE | |||
r-release-windows-x86_64 | 0.5.2 | 477.00 | 213.00 | 690.00 | NOTE | |
r-oldrel-macos-arm64 | 0.5.2 | 516.00 | NOTE | |||
r-oldrel-macos-x86_64 | 0.5.2 | 361.00 | NOTE | |||
r-oldrel-windows-x86_64 | 0.5.2 | 641.00 | 264.00 | 905.00 | NOTE |
Version: 0.5.2
Check: for GNU extensions in Makefiles
Result: NOTE
GNU make is a SystemRequirements.
Flavors: r-patched-linux-x86_64, r-release-linux-x86_64, r-release-macos-arm64, r-release-macos-x86_64, r-release-windows-x86_64, r-oldrel-macos-arm64, r-oldrel-macos-x86_64, r-oldrel-windows-x86_64
Version: 0.5.2
Check: installed package size
Result: NOTE
installed size is 92.3Mb
sub-directories of 1Mb or more:
libs 91.9Mb
Flavors: r-release-macos-arm64, r-release-macos-x86_64, r-oldrel-macos-arm64, r-oldrel-macos-x86_64