Last updated on 2024-04-25 18:49:34 CEST.
Flavor | Version | Tinstall | Tcheck | Ttotal | Status | Flags |
---|---|---|---|---|---|---|
r-devel-linux-x86_64-debian-clang | 0.1.1 | 1.65 | 23.24 | 24.89 | NOTE | |
r-devel-linux-x86_64-debian-gcc | 0.1.1 | 1.64 | 17.80 | 19.44 | NOTE | |
r-devel-linux-x86_64-fedora-clang | 0.1.1 | 32.12 | NOTE | |||
r-devel-linux-x86_64-fedora-gcc | 0.1.1 | 29.98 | NOTE | |||
r-devel-windows-x86_64 | 0.1.1 | 3.00 | 39.00 | 42.00 | NOTE | |
r-patched-linux-x86_64 | 0.1.1 | 2.04 | 21.80 | 23.84 | NOTE | |
r-release-linux-x86_64 | 0.1.1 | 1.74 | 20.49 | 22.23 | NOTE | |
r-release-macos-arm64 | 0.1.1 | 14.00 | NOTE | |||
r-release-windows-x86_64 | 0.1.1 | 4.00 | 38.00 | 42.00 | NOTE | |
r-oldrel-macos-arm64 | 0.1.1 | 17.00 | NOTE | |||
r-oldrel-macos-x86_64 | 0.1.1 | 19.00 | NOTE | |||
r-oldrel-windows-x86_64 | 0.1.1 | 3.00 | 36.00 | 39.00 | NOTE |
Version: 0.1.1
Check: LazyData
Result: NOTE
'LazyData' is specified without a 'data' directory
Flavors: r-devel-linux-x86_64-debian-clang, r-devel-linux-x86_64-debian-gcc, r-devel-linux-x86_64-fedora-clang, r-devel-linux-x86_64-fedora-gcc, r-devel-windows-x86_64, r-patched-linux-x86_64, r-release-linux-x86_64, r-release-macos-arm64, r-release-windows-x86_64, r-oldrel-macos-arm64, r-oldrel-macos-x86_64, r-oldrel-windows-x86_64