Last updated on 2025-01-19 05:49:15 CET.
Flavor | Version | Tinstall | Tcheck | Ttotal | Status | Flags |
---|---|---|---|---|---|---|
r-devel-linux-x86_64-debian-clang | 1.0.0 | 1.67 | 19.65 | 21.32 | NOTE | |
r-devel-linux-x86_64-debian-gcc | 1.0.0 | 1.26 | 15.93 | 17.19 | NOTE | |
r-devel-linux-x86_64-fedora-clang | 1.0.0 | 37.09 | NOTE | |||
r-devel-linux-x86_64-fedora-gcc | 1.0.0 | 48.30 | NOTE | |||
r-devel-windows-x86_64 | 1.0.0 | 3.00 | 42.00 | 45.00 | NOTE | |
r-patched-linux-x86_64 | 1.0.0 | 1.68 | 19.08 | 20.76 | NOTE | |
r-release-linux-x86_64 | 1.0.0 | 1.46 | 18.91 | 20.37 | NOTE | |
r-release-macos-arm64 | 1.0.0 | 22.00 | NOTE | |||
r-release-macos-x86_64 | 1.0.0 | 38.00 | NOTE | |||
r-release-windows-x86_64 | 1.0.0 | 3.00 | 45.00 | 48.00 | NOTE | |
r-oldrel-macos-arm64 | 1.0.0 | 20.00 | OK | |||
r-oldrel-macos-x86_64 | 1.0.0 | 32.00 | OK | |||
r-oldrel-windows-x86_64 | 1.0.0 | 3.00 | 44.00 | 47.00 | OK |
Version: 1.0.0
Check: Rd files
Result: NOTE
checkRd: (-1) n.Rd:46: Lost braces in \itemize; \value handles \item{}{} directly
checkRd: (-1) n.Rd:47-48: Lost braces in \itemize; \value handles \item{}{} directly
checkRd: (-1) n.Rd:49-50: Lost braces in \itemize; \value handles \item{}{} directly
Flavors: r-devel-linux-x86_64-debian-clang, r-devel-linux-x86_64-debian-gcc, r-devel-linux-x86_64-fedora-clang, r-devel-linux-x86_64-fedora-gcc, r-devel-windows-x86_64, r-patched-linux-x86_64, r-release-linux-x86_64, r-release-macos-arm64, r-release-macos-x86_64, r-release-windows-x86_64