CRAN Package Check Results for Package mscstts

Last updated on 2021-01-22 12:51:35 CET.

Flavor Version Tinstall Tcheck Ttotal Status Flags
r-devel-linux-x86_64-debian-clang 0.6.2 2.45 29.83 32.28 OK
r-devel-linux-x86_64-debian-gcc 0.6.2 1.89 23.90 25.79 OK
r-devel-linux-x86_64-fedora-clang 0.6.2 47.65 NOTE
r-devel-linux-x86_64-fedora-gcc 0.6.2 38.45 NOTE
r-devel-windows-ix86+x86_64 0.6.2 5.00 36.00 41.00 OK
r-patched-linux-x86_64 0.6.2 2.13 29.08 31.21 OK
r-patched-solaris-x86 0.6.2 59.30 NOTE
r-release-linux-x86_64 0.6.2 2.38 29.14 31.52 OK
r-release-macos-x86_64 0.6.2 NOTE
r-release-windows-ix86+x86_64 0.6.2 15.00 48.00 63.00 OK
r-oldrel-macos-x86_64 0.6.2 NOTE
r-oldrel-windows-ix86+x86_64 0.6.2 3.00 34.00 37.00 OK

Check Details

Version: 0.6.2
Check: data for non-ASCII characters
Result: NOTE
     Note: found 26 marked UTF-8 strings
Flavors: r-devel-linux-x86_64-fedora-clang, r-devel-linux-x86_64-fedora-gcc, r-patched-solaris-x86, r-release-macos-x86_64, r-oldrel-macos-x86_64