Last updated on 2025-01-19 05:49:15 CET.
Flavor | Version | Tinstall | Tcheck | Ttotal | Status | Flags |
---|---|---|---|---|---|---|
r-devel-linux-x86_64-debian-clang | 1.0.5 | 30.30 | 132.22 | 162.52 | OK | |
r-devel-linux-x86_64-debian-gcc | 1.0.5 | 22.32 | 97.78 | 120.10 | OK | |
r-devel-linux-x86_64-fedora-clang | 1.0.5 | 263.87 | OK | |||
r-devel-linux-x86_64-fedora-gcc | 1.0.5 | 325.92 | OK | |||
r-devel-windows-x86_64 | 1.0.5 | 31.00 | 186.00 | 217.00 | OK | |
r-patched-linux-x86_64 | 1.0.5 | 34.67 | 135.83 | 170.50 | OK | |
r-release-linux-x86_64 | 1.0.5 | 33.07 | 135.96 | 169.03 | OK | |
r-release-macos-arm64 | 1.0.5 | 71.00 | NOTE | |||
r-release-macos-x86_64 | 1.0.5 | 162.00 | NOTE | |||
r-release-windows-x86_64 | 1.0.5 | 31.00 | 187.00 | 218.00 | OK | |
r-oldrel-macos-arm64 | 1.0.5 | 82.00 | NOTE | |||
r-oldrel-macos-x86_64 | 1.0.5 | 146.00 | NOTE | |||
r-oldrel-windows-x86_64 | 1.0.5 | 32.00 | 211.00 | 243.00 | OK |
Version: 1.0.5
Check: installed package size
Result: NOTE
installed size is 6.5Mb
sub-directories of 1Mb or more:
libs 5.9Mb
Flavors: r-release-macos-arm64, r-release-macos-x86_64, r-oldrel-macos-arm64, r-oldrel-macos-x86_64