Last updated on 2024-04-17 13:57:35 CEST.
Flavor | Version | Tinstall | Tcheck | Ttotal | Status | Flags |
---|---|---|---|---|---|---|
r-devel-linux-x86_64-debian-clang | 7.5.1 | 33.43 | 234.85 | 268.28 | OK | |
r-devel-linux-x86_64-debian-gcc | 7.5.1 | 27.85 | 175.02 | 202.87 | OK | |
r-devel-linux-x86_64-fedora-clang | 7.5.1 | 351.02 | NOTE | |||
r-devel-linux-x86_64-fedora-gcc | 7.5.1 | 350.08 | OK | |||
r-prerel-macos-arm64 | 7.5.1 | 119.00 | NOTE | |||
r-prerel-windows-x86_64 | 7.5.1 | 33.00 | 204.00 | 237.00 | NOTE | |
r-patched-linux-x86_64 | 7.5.1 | 35.33 | 230.54 | 265.87 | OK | |
r-release-linux-x86_64 | 7.5.1 | 33.96 | 226.57 | 260.53 | OK | |
r-release-macos-arm64 | 7.5.1 | 132.00 | NOTE | |||
r-release-macos-x86_64 | 7.5.1 | 208.00 | NOTE | |||
r-release-windows-x86_64 | 7.5.1 | 41.00 | 238.00 | 279.00 | NOTE | |
r-oldrel-macos-arm64 | 7.5.1 | 164.00 | NOTE | |||
r-oldrel-windows-x86_64 | 7.5.1 | 40.00 | 229.00 | 269.00 | NOTE |
Version: 7.5.1
Check: installed package size
Result: NOTE
installed size is 6.0Mb
sub-directories of 1Mb or more:
R 5.9Mb
Flavors: r-devel-linux-x86_64-fedora-clang, r-prerel-macos-arm64, r-prerel-windows-x86_64, r-release-macos-arm64, r-release-macos-x86_64, r-release-windows-x86_64, r-oldrel-macos-arm64, r-oldrel-windows-x86_64