Last updated on 2025-01-19 05:49:15 CET.
Flavor | Version | Tinstall | Tcheck | Ttotal | Status | Flags |
---|---|---|---|---|---|---|
r-devel-linux-x86_64-debian-clang | 7.5.1 | 29.81 | 191.29 | 221.10 | OK | |
r-devel-linux-x86_64-debian-gcc | 7.5.1 | 24.40 | 117.78 | 142.18 | OK | |
r-devel-linux-x86_64-fedora-clang | 7.5.1 | 357.98 | OK | |||
r-devel-linux-x86_64-fedora-gcc | 7.5.1 | 364.32 | OK | |||
r-devel-windows-x86_64 | 7.5.1 | 33.00 | 188.00 | 221.00 | OK | |
r-patched-linux-x86_64 | 7.5.1 | 29.38 | 185.29 | 214.67 | OK | |
r-release-linux-x86_64 | 7.5.1 | 28.83 | 183.60 | 212.43 | OK | |
r-release-macos-arm64 | 7.5.1 | 119.00 | NOTE | |||
r-release-macos-x86_64 | 7.5.1 | 192.00 | NOTE | |||
r-release-windows-x86_64 | 7.5.1 | 31.00 | 189.00 | 220.00 | NOTE | |
r-oldrel-macos-arm64 | 7.5.1 | 132.00 | NOTE | |||
r-oldrel-macos-x86_64 | 7.5.1 | 208.00 | NOTE | |||
r-oldrel-windows-x86_64 | 7.5.1 | 37.00 | 227.00 | 264.00 | NOTE |
Version: 7.5.1
Check: installed package size
Result: NOTE
installed size is 6.1Mb
sub-directories of 1Mb or more:
R 6.0Mb
Flavors: r-release-macos-arm64, r-release-macos-x86_64, r-release-windows-x86_64, r-oldrel-macos-arm64, r-oldrel-macos-x86_64, r-oldrel-windows-x86_64