CRAN Package Check Results for Package msir

Last updated on 2020-07-05 12:47:23 CEST.

Flavor Version Tinstall Tcheck Ttotal Status Flags
r-devel-linux-x86_64-debian-clang 1.3.2 3.49 45.07 48.56 OK
r-devel-linux-x86_64-debian-gcc 1.3.2 2.80 33.96 36.76 OK
r-devel-linux-x86_64-fedora-clang 1.3.2 64.93 NOTE
r-devel-linux-x86_64-fedora-gcc 1.3.2 55.60 OK
r-devel-windows-ix86+x86_64 1.3.2 15.00 57.00 72.00 OK
r-patched-linux-x86_64 1.3.2 3.34 43.77 47.11 OK
r-patched-solaris-x86 1.3.2 78.10 WARN
r-release-linux-x86_64 1.3.2 3.09 44.52 47.61 OK
r-release-osx-x86_64 1.3.2 OK
r-release-windows-ix86+x86_64 1.3.2 7.00 55.00 62.00 OK
r-oldrel-osx-x86_64 1.3.2 WARN
r-oldrel-windows-ix86+x86_64 1.3.2 7.00 75.00 82.00 OK

Check Details

Version: 1.3.2
Check: Rd cross-references
Result: NOTE
    Undeclared package ‘dr’ in Rd xrefs
Flavor: r-devel-linux-x86_64-fedora-clang

Version: 1.3.2
Check: re-building of vignette outputs
Result: WARN
    Error(s) in re-building vignettes:
     ...
    --- re-building ‘msir.Rmd’ using rmarkdown
    Warning in engine$weave(file, quiet = quiet, encoding = enc) :
     Pandoc (>= 1.12.3) and/or pandoc-citeproc not available. Falling back to R Markdown v1.
    Warning in normalizePath(f2) :
     path[1]="webshot1a042fb97b1.png": No such file or directory
    Warning in file(con, "rb") :
     cannot open file 'webshot1a042fb97b1.png': No such file or directory
    Quitting from lines 102-104 (msir.Rmd)
    Error: processing vignette 'msir.Rmd' failed with diagnostics:
    cannot open the connection
    --- failed re-building ‘msir.Rmd’
    
    SUMMARY: processing the following file failed:
     ‘msir.Rmd’
    
    Error: Vignette re-building failed.
    Execution halted
Flavor: r-patched-solaris-x86

Version: 1.3.2
Check: re-building of vignette outputs
Result: WARN
    Error(s) in re-building vignettes:
     ...
    --- re-building ‘msir.Rmd’ using rmarkdown
    Warning in engine$weave(file, quiet = quiet, encoding = enc) :
     Pandoc (>= 1.12.3) and/or pandoc-citeproc not available. Falling back to R Markdown v1.
    Warning in normalizePath(f2) :
     path[1]="webshot127825d88bea8.png": No such file or directory
    Warning in file(con, "rb") :
     cannot open file 'webshot127825d88bea8.png': No such file or directory
    Quitting from lines 102-104 (msir.Rmd)
    Error: processing vignette 'msir.Rmd' failed with diagnostics:
    cannot open the connection
    --- failed re-building ‘msir.Rmd’
    
    SUMMARY: processing the following file failed:
     ‘msir.Rmd’
    
    Error: Vignette re-building failed.
    Execution halted
Flavor: r-oldrel-osx-x86_64