Last updated on 2025-01-19 05:49:15 CET.
Flavor | Version | Tinstall | Tcheck | Ttotal | Status | Flags |
---|---|---|---|---|---|---|
r-devel-linux-x86_64-debian-clang | 1.0 | 10.34 | 67.30 | 77.64 | NOTE | |
r-devel-linux-x86_64-debian-gcc | 1.0 | 6.80 | 47.80 | 54.60 | NOTE | |
r-devel-linux-x86_64-fedora-clang | 1.0 | 127.21 | NOTE | |||
r-devel-linux-x86_64-fedora-gcc | 1.0 | 120.42 | NOTE | |||
r-devel-windows-x86_64 | 1.0 | 12.00 | 79.00 | 91.00 | OK | |
r-patched-linux-x86_64 | 1.0 | 10.79 | 61.94 | 72.73 | NOTE | |
r-release-linux-x86_64 | 1.0 | 10.06 | 61.93 | 71.99 | NOTE | |
r-release-macos-arm64 | 1.0 | 41.00 | OK | |||
r-release-macos-x86_64 | 1.0 | 60.00 | OK | |||
r-release-windows-x86_64 | 1.0 | 12.00 | 80.00 | 92.00 | OK | |
r-oldrel-macos-arm64 | 1.0 | 121.00 | OK | |||
r-oldrel-macos-x86_64 | 1.0 | 59.00 | OK | |||
r-oldrel-windows-x86_64 | 1.0 | 13.00 | 92.00 | 105.00 | OK |
Version: 1.0
Check: for non-standard things in the check directory
Result: NOTE
Found the following files/directories:
‘Acceleration.pdf’ ‘File1.pdf’ ‘Forecast.pdf’ ‘Series.pdf’
‘Velocity.pdf’
Flavors: r-devel-linux-x86_64-debian-clang, r-devel-linux-x86_64-debian-gcc, r-devel-linux-x86_64-fedora-clang, r-devel-linux-x86_64-fedora-gcc, r-patched-linux-x86_64, r-release-linux-x86_64