CRAN Package Check Results for Package mstrio

Last updated on 2025-01-19 05:49:15 CET.

Flavor Version Tinstall Tcheck Ttotal Status Flags
r-devel-linux-x86_64-debian-clang 11.3.5.101 11.59 45.10 56.69 OK
r-devel-linux-x86_64-debian-gcc 11.3.5.101 7.21 32.47 39.68 OK
r-devel-linux-x86_64-fedora-clang 11.3.5.101 92.64 NOTE
r-devel-linux-x86_64-fedora-gcc 11.3.5.101 105.99 NOTE
r-devel-windows-x86_64 11.3.5.101 13.00 67.00 80.00 OK
r-patched-linux-x86_64 11.3.5.101 11.13 41.80 52.93 OK
r-release-linux-x86_64 11.3.5.101 10.73 41.39 52.12 OK
r-release-macos-arm64 11.3.5.101 34.00 OK
r-release-macos-x86_64 11.3.5.101 52.00 OK
r-release-windows-x86_64 11.3.5.101 14.00 63.00 77.00 OK
r-oldrel-macos-arm64 11.3.5.101 36.00 OK
r-oldrel-macos-x86_64 11.3.5.101 46.00 OK
r-oldrel-windows-x86_64 11.3.5.101 16.00 69.00 85.00 OK

Check Details

Version: 11.3.5.101
Check: dependencies in R code
Result: NOTE Namespaces in Imports field not imported from: ‘markdown’ ‘methods’ ‘vctrs’ All declared Imports should be used. Flavors: r-devel-linux-x86_64-fedora-clang, r-devel-linux-x86_64-fedora-gcc