Last updated on 2024-05-01 16:53:02 CEST.
Flavor | Version | Tinstall | Tcheck | Ttotal | Status | Flags |
---|---|---|---|---|---|---|
r-devel-linux-x86_64-debian-clang | 11.3.5.101 | 18.58 | 59.29 | 77.87 | OK | |
r-devel-linux-x86_64-debian-gcc | 11.3.5.101 | 12.05 | 42.99 | 55.04 | OK | |
r-devel-linux-x86_64-fedora-clang | 11.3.5.101 | 91.41 | NOTE | |||
r-devel-linux-x86_64-fedora-gcc | 11.3.5.101 | 106.44 | NOTE | |||
r-devel-windows-x86_64 | 11.3.5.101 | 12.00 | 63.00 | 75.00 | OK | |
r-patched-linux-x86_64 | 11.3.5.101 | 11.54 | 54.39 | 65.93 | OK | |
r-release-linux-x86_64 | 11.3.5.101 | 15.47 | 54.72 | 70.19 | OK | |
r-release-macos-arm64 | 11.3.5.101 | 34.00 | OK | |||
r-release-windows-x86_64 | 11.3.5.101 | 14.00 | 64.00 | 78.00 | OK | |
r-oldrel-macos-arm64 | 11.3.5.101 | 36.00 | OK | |||
r-oldrel-macos-x86_64 | 11.3.5.101 | 46.00 | OK | |||
r-oldrel-windows-x86_64 | 11.3.5.101 | 18.00 | 71.00 | 89.00 | OK |
Version: 11.3.5.101
Check: dependencies in R code
Result: NOTE
Namespaces in Imports field not imported from:
‘markdown’ ‘methods’ ‘vctrs’
All declared Imports should be used.
Flavors: r-devel-linux-x86_64-fedora-clang, r-devel-linux-x86_64-fedora-gcc