CRAN Package Check Results for Package mudfold

Last updated on 2025-01-19 05:49:15 CET.

Flavor Version Tinstall Tcheck Ttotal Status Flags
r-devel-linux-x86_64-debian-clang 1.1.21 16.46 107.80 124.26 NOTE
r-devel-linux-x86_64-debian-gcc 1.1.21 10.99 74.13 85.12 NOTE
r-devel-linux-x86_64-fedora-clang 1.1.21 200.24 NOTE
r-devel-linux-x86_64-fedora-gcc 1.1.21 186.79 NOTE
r-devel-windows-x86_64 1.1.21 15.00 110.00 125.00 NOTE
r-patched-linux-x86_64 1.1.21 13.53 98.97 112.50 NOTE
r-release-linux-x86_64 1.1.21 14.81 97.17 111.98 NOTE
r-release-macos-arm64 1.1.21 51.00 NOTE
r-release-macos-x86_64 1.1.21 72.00 NOTE
r-release-windows-x86_64 1.1.21 15.00 131.00 146.00 NOTE
r-oldrel-macos-arm64 1.1.21 57.00 OK
r-oldrel-macos-x86_64 1.1.21 91.00 OK
r-oldrel-windows-x86_64 1.1.21 21.00 137.00 158.00 OK

Check Details

Version: 1.1.21
Check: Rd files
Result: NOTE checkRd: (-1) coef.mdf.Rd:17: Lost braces; missing escapes or markup? 17 | \item{type}{: Argument that controls the type of parameters to be returned. If \code{type="persons"} (default), a vector with the person parameters is returned. When \code{type="items"} then a vector with the item ranks obtained by the MUDFOLD item selection algorithm is returned. If {type="all"} then a list with both person and item coefficients is returned to the user. | ^ Flavors: r-devel-linux-x86_64-debian-clang, r-devel-linux-x86_64-debian-gcc, r-devel-linux-x86_64-fedora-clang, r-devel-linux-x86_64-fedora-gcc, r-devel-windows-x86_64, r-patched-linux-x86_64, r-release-linux-x86_64, r-release-macos-arm64, r-release-macos-x86_64, r-release-windows-x86_64