CRAN Package Check Results for Package mueRelativeRisk

Last updated on 2025-01-19 05:49:15 CET.

Flavor Version Tinstall Tcheck Ttotal Status Flags
r-devel-linux-x86_64-debian-clang 0.1.1 1.42 21.24 22.66 OK
r-devel-linux-x86_64-debian-gcc 0.1.1 1.39 17.34 18.73 OK
r-devel-linux-x86_64-fedora-clang 0.1.1 37.83 OK
r-devel-linux-x86_64-fedora-gcc 0.1.1 51.68 OK
r-devel-windows-x86_64 0.1.1 4.00 54.00 58.00 OK
r-patched-linux-x86_64 0.1.1 1.53 20.30 21.83 NOTE
r-release-linux-x86_64 0.1.1 1.60 20.49 22.09 NOTE
r-release-macos-arm64 0.1.1 21.00 NOTE
r-release-macos-x86_64 0.1.1 36.00 NOTE
r-release-windows-x86_64 0.1.1 3.00 50.00 53.00 NOTE
r-oldrel-macos-arm64 0.1.1 22.00 NOTE
r-oldrel-macos-x86_64 0.1.1 31.00 NOTE
r-oldrel-windows-x86_64 0.1.1 3.00 48.00 51.00 NOTE

Check Details

Version: 0.1.1
Check: LazyData
Result: NOTE 'LazyData' is specified without a 'data' directory Flavors: r-patched-linux-x86_64, r-release-linux-x86_64, r-release-macos-arm64, r-release-macos-x86_64, r-release-windows-x86_64, r-oldrel-macos-arm64, r-oldrel-macos-x86_64, r-oldrel-windows-x86_64