CRAN Package Check Results for Package muir

Last updated on 2025-01-19 05:49:15 CET.

Flavor Version Tinstall Tcheck Ttotal Status Flags
r-devel-linux-x86_64-debian-clang 0.1.0 5.35 34.89 40.24 OK
r-devel-linux-x86_64-debian-gcc 0.1.0 3.15 25.49 28.64 OK
r-devel-linux-x86_64-fedora-clang 0.1.0 65.27 OK
r-devel-linux-x86_64-fedora-gcc 0.1.0 62.78 OK
r-devel-windows-x86_64 0.1.0 6.00 58.00 64.00 OK
r-patched-linux-x86_64 0.1.0 4.73 33.25 37.98 NOTE
r-release-linux-x86_64 0.1.0 4.92 33.32 38.24 NOTE
r-release-macos-arm64 0.1.0 24.00 NOTE
r-release-macos-x86_64 0.1.0 45.00 NOTE
r-release-windows-x86_64 0.1.0 6.00 54.00 60.00 NOTE
r-oldrel-macos-arm64 0.1.0 24.00 NOTE
r-oldrel-macos-x86_64 0.1.0 34.00 NOTE
r-oldrel-windows-x86_64 0.1.0 7.00 60.00 67.00 NOTE

Check Details

Version: 0.1.0
Check: LazyData
Result: NOTE 'LazyData' is specified without a 'data' directory Flavors: r-patched-linux-x86_64, r-release-linux-x86_64, r-release-macos-arm64, r-release-macos-x86_64, r-release-windows-x86_64, r-oldrel-macos-arm64, r-oldrel-macos-x86_64, r-oldrel-windows-x86_64