Last updated on 2025-01-19 05:49:15 CET.
Flavor | Version | Tinstall | Tcheck | Ttotal | Status | Flags |
---|---|---|---|---|---|---|
r-devel-linux-x86_64-debian-clang | 1.6.2 | 12.50 | 272.46 | 284.96 | OK | |
r-devel-linux-x86_64-debian-gcc | 1.6.2 | 9.54 | 194.05 | 203.59 | OK | |
r-devel-linux-x86_64-fedora-clang | 1.6.2 | 465.96 | OK | |||
r-devel-linux-x86_64-fedora-gcc | 1.6.2 | 516.02 | OK | |||
r-devel-windows-x86_64 | 1.6.2 | 15.00 | 460.00 | 475.00 | OK | |
r-patched-linux-x86_64 | 1.6.2 | 11.98 | 268.18 | 280.16 | OK | |
r-release-linux-x86_64 | 1.6.2 | 13.05 | 269.23 | 282.28 | OK | |
r-release-macos-arm64 | 1.6.2 | 188.00 | OK | |||
r-release-macos-x86_64 | 1.6.2 | 337.00 | OK | |||
r-release-windows-x86_64 | 1.6.2 | 16.00 | 480.00 | 496.00 | OK | |
r-oldrel-macos-arm64 | 1.6.2 | 175.00 | NOTE | |||
r-oldrel-macos-x86_64 | 1.6.2 | 454.00 | OK | |||
r-oldrel-windows-x86_64 | 1.6.2 | 19.00 | 481.00 | 500.00 | OK |
Version: 1.6.2
Check: installed package size
Result: NOTE
installed size is 5.0Mb
sub-directories of 1Mb or more:
data 4.4Mb
Flavor: r-oldrel-macos-arm64