Last updated on 2025-01-19 05:49:15 CET.
Flavor | Version | Tinstall | Tcheck | Ttotal | Status | Flags |
---|---|---|---|---|---|---|
r-devel-linux-x86_64-debian-clang | 1.2.0 | 12.48 | 253.64 | 266.12 | NOTE | |
r-devel-linux-x86_64-debian-gcc | 1.2.0 | 7.82 | 148.32 | 156.14 | NOTE | |
r-devel-linux-x86_64-fedora-clang | 1.2.0 | 501.84 | NOTE | |||
r-devel-linux-x86_64-fedora-gcc | 1.2.0 | 482.33 | NOTE | |||
r-devel-windows-x86_64 | 1.2.0 | 17.00 | 242.00 | 259.00 | NOTE | |
r-patched-linux-x86_64 | 1.2.0 | 12.46 | 239.89 | 252.35 | NOTE | |
r-release-linux-x86_64 | 1.2.0 | 10.27 | 240.00 | 250.27 | NOTE | |
r-release-macos-arm64 | 1.2.0 | 110.00 | NOTE | |||
r-release-macos-x86_64 | 1.2.0 | 180.00 | NOTE | |||
r-release-windows-x86_64 | 1.2.0 | 16.00 | 245.00 | 261.00 | NOTE | |
r-oldrel-macos-arm64 | 1.2.0 | 134.00 | NOTE | |||
r-oldrel-macos-x86_64 | 1.2.0 | 223.00 | NOTE | |||
r-oldrel-windows-x86_64 | 1.2.0 | 19.00 | 326.00 | 345.00 | NOTE |
Version: 1.2.0
Check: C++ specification
Result: NOTE
Specified C++11: please drop specification unless essential
Flavors: r-devel-linux-x86_64-debian-clang, r-devel-linux-x86_64-debian-gcc, r-devel-linux-x86_64-fedora-clang, r-devel-linux-x86_64-fedora-gcc, r-devel-windows-x86_64, r-patched-linux-x86_64, r-release-linux-x86_64, r-release-macos-arm64, r-release-macos-x86_64, r-release-windows-x86_64, r-oldrel-macos-arm64, r-oldrel-macos-x86_64, r-oldrel-windows-x86_64