Last updated on 2025-01-19 05:49:15 CET.
Flavor | Version | Tinstall | Tcheck | Ttotal | Status | Flags |
---|---|---|---|---|---|---|
r-devel-linux-x86_64-debian-clang | 1.5.2 | 126.80 | 65.85 | 192.65 | OK | |
r-devel-linux-x86_64-debian-gcc | 1.5.2 | 88.95 | 43.78 | 132.73 | OK | |
r-devel-linux-x86_64-fedora-clang | 1.5.2 | 300.93 | OK | |||
r-devel-linux-x86_64-fedora-gcc | 1.5.2 | 358.52 | OK | |||
r-devel-windows-x86_64 | 1.5.2 | 108.00 | 100.00 | 208.00 | OK | |
r-patched-linux-x86_64 | 1.5.2 | 112.79 | 63.51 | 176.30 | OK | |
r-release-linux-x86_64 | 1.5.2 | 124.26 | 61.57 | 185.83 | OK | |
r-release-macos-arm64 | 1.5.2 | 57.00 | NOTE | |||
r-release-macos-x86_64 | 1.5.2 | 82.00 | NOTE | |||
r-release-windows-x86_64 | 1.5.2 | 107.00 | 102.00 | 209.00 | OK | |
r-oldrel-macos-arm64 | 1.5.2 | 83.00 | NOTE | |||
r-oldrel-macos-x86_64 | 1.5.2 | 88.00 | NOTE | |||
r-oldrel-windows-x86_64 | 1.5.2 | 137.00 | 121.00 | 258.00 | OK |
Version: 1.5.2
Check: installed package size
Result: NOTE
installed size is 12.5Mb
sub-directories of 1Mb or more:
libs 11.6Mb
Flavors: r-release-macos-arm64, r-release-macos-x86_64, r-oldrel-macos-arm64, r-oldrel-macos-x86_64