CRAN Package Check Results for Package multilevelTools

Last updated on 2025-01-19 05:49:15 CET.

Flavor Version Tinstall Tcheck Ttotal Status Flags
r-devel-linux-x86_64-debian-clang 0.1.1 19.13 210.34 229.47 NOTE
r-devel-linux-x86_64-debian-gcc 0.1.1 13.84 146.99 160.83 NOTE
r-devel-linux-x86_64-fedora-clang 0.1.1 373.65 OK
r-devel-linux-x86_64-fedora-gcc 0.1.1 353.48 OK
r-devel-windows-x86_64 0.1.1 20.00 195.00 215.00 NOTE
r-patched-linux-x86_64 0.1.1 21.42 197.07 218.49 NOTE
r-release-linux-x86_64 0.1.1 17.37 195.49 212.86 NOTE
r-release-macos-arm64 0.1.1 102.00 NOTE
r-release-macos-x86_64 0.1.1 143.00 NOTE
r-release-windows-x86_64 0.1.1 19.00 192.00 211.00 NOTE
r-oldrel-macos-arm64 0.1.1 110.00 NOTE
r-oldrel-macos-x86_64 0.1.1 174.00 NOTE
r-oldrel-windows-x86_64 0.1.1 24.00 252.00 276.00 NOTE

Check Details

Version: 0.1.1
Check: Rd cross-references
Result: NOTE Found the following Rd file(s) with Rd \link{} targets missing package anchors: modelDiagnostics.lme.Rd: testDistribution modelDiagnostics.merMod.Rd: testDistribution Please provide package anchors for all Rd \link{} targets not in the package itself and the base packages. Flavors: r-devel-linux-x86_64-debian-clang, r-devel-linux-x86_64-debian-gcc, r-devel-windows-x86_64

Version: 0.1.1
Check: LazyData
Result: NOTE 'LazyData' is specified without a 'data' directory Flavors: r-patched-linux-x86_64, r-release-linux-x86_64, r-release-macos-arm64, r-release-macos-x86_64, r-release-windows-x86_64, r-oldrel-macos-arm64, r-oldrel-macos-x86_64, r-oldrel-windows-x86_64