Last updated on 2025-01-19 05:49:15 CET.
Flavor | Version | Tinstall | Tcheck | Ttotal | Status | Flags |
---|---|---|---|---|---|---|
r-devel-linux-x86_64-debian-clang | 1.3.1 | 37.65 | 254.30 | 291.95 | OK | |
r-devel-linux-x86_64-debian-gcc | 1.3.1 | 25.84 | 177.11 | 202.95 | OK | |
r-devel-linux-x86_64-fedora-clang | 1.3.1 | 485.51 | OK | |||
r-devel-linux-x86_64-fedora-gcc | 1.3.1 | 436.97 | OK | |||
r-devel-windows-x86_64 | 1.3.1 | 30.00 | 235.00 | 265.00 | OK | |
r-patched-linux-x86_64 | 1.3.1 | 34.82 | 239.15 | 273.97 | NOTE | |
r-release-linux-x86_64 | 1.3.1 | 35.82 | 243.94 | 279.76 | NOTE | |
r-release-macos-arm64 | 1.3.1 | 114.00 | NOTE | |||
r-release-macos-x86_64 | 1.3.1 | 170.00 | NOTE | |||
r-release-windows-x86_64 | 1.3.1 | 30.00 | 235.00 | 265.00 | NOTE | |
r-oldrel-macos-arm64 | 1.3.1 | 117.00 | NOTE | |||
r-oldrel-macos-x86_64 | 1.3.1 | 179.00 | NOTE | |||
r-oldrel-windows-x86_64 | 1.3.1 | 40.00 | 292.00 | 332.00 | NOTE |
Version: 1.3.1
Check: package dependencies
Result: NOTE
Package suggested but not available for checking: ‘cmdstanr’
Flavors: r-patched-linux-x86_64, r-release-linux-x86_64, r-release-macos-arm64, r-release-macos-x86_64, r-release-windows-x86_64, r-oldrel-macos-arm64, r-oldrel-macos-x86_64, r-oldrel-windows-x86_64
Version: 1.3.1
Check: installed package size
Result: NOTE
installed size is 7.9Mb
sub-directories of 1Mb or more:
doc 6.4Mb
Flavors: r-release-macos-arm64, r-release-macos-x86_64, r-release-windows-x86_64, r-oldrel-macos-arm64, r-oldrel-macos-x86_64, r-oldrel-windows-x86_64