Last updated on 2025-01-19 05:49:15 CET.
Flavor | Version | Tinstall | Tcheck | Ttotal | Status | Flags |
---|---|---|---|---|---|---|
r-devel-linux-x86_64-debian-clang | 4.2.1 | 602.54 | 50.12 | 652.66 | OK | |
r-devel-linux-x86_64-debian-gcc | 4.2.1 | 570.17 | 38.14 | 608.31 | OK | |
r-devel-linux-x86_64-fedora-clang | 4.2.1 | 1412.01 | OK | |||
r-devel-linux-x86_64-fedora-gcc | 4.2.1 | 1738.08 | OK | |||
r-devel-windows-x86_64 | 4.2.1 | 773.00 | 115.00 | 888.00 | OK | |
r-patched-linux-x86_64 | 4.2.1 | 757.73 | 49.41 | 807.14 | OK | |
r-release-linux-x86_64 | 4.2.1 | 795.59 | 49.39 | 844.98 | OK | |
r-release-macos-arm64 | 4.2.1 | 331.00 | NOTE | |||
r-release-macos-x86_64 | 4.2.1 | 210.00 | NOTE | |||
r-release-windows-x86_64 | 4.2.1 | 781.00 | 119.00 | 900.00 | OK | |
r-oldrel-macos-arm64 | 4.2.1 | 318.00 | NOTE | |||
r-oldrel-macos-x86_64 | 4.2.1 | 235.00 | NOTE | |||
r-oldrel-windows-x86_64 | 4.2.1 | 859.00 | 146.00 | 1005.00 | OK |
Version: 4.2.1
Check: installed package size
Result: NOTE
installed size is 98.0Mb
sub-directories of 1Mb or more:
libs 97.7Mb
Flavors: r-release-macos-arm64, r-release-macos-x86_64, r-oldrel-macos-arm64, r-oldrel-macos-x86_64