CRAN Package Check Results for Package multinets

Last updated on 2025-01-19 05:49:15 CET.

Flavor Version Tinstall Tcheck Ttotal Status Flags
r-devel-linux-x86_64-debian-clang 0.2.2 20.96 30.83 51.79 OK
r-devel-linux-x86_64-debian-gcc 0.2.2 14.48 22.96 37.44 OK
r-devel-linux-x86_64-fedora-clang 0.2.2 97.33 OK
r-devel-linux-x86_64-fedora-gcc 0.2.2 97.86 OK
r-devel-windows-x86_64 0.2.2 27.00 75.00 102.00 OK
r-patched-linux-x86_64 0.2.2 21.11 30.15 51.26 OK
r-release-linux-x86_64 0.2.2 21.10 29.56 50.66 OK
r-release-macos-arm64 0.2.2 29.00 OK
r-release-macos-x86_64 0.2.2 55.00 OK
r-release-windows-x86_64 0.2.2 26.00 75.00 101.00 OK
r-oldrel-macos-arm64 0.2.2 32.00 OK
r-oldrel-macos-x86_64 0.2.2 48.00 NOTE
r-oldrel-windows-x86_64 0.2.2 31.00 84.00 115.00 OK

Check Details

Version: 0.2.2
Check: package dependencies
Result: NOTE Package suggested but not available for checking: ‘statnet’ Flavor: r-oldrel-macos-x86_64