Last updated on 2025-01-19 05:49:15 CET.
Flavor | Version | Tinstall | Tcheck | Ttotal | Status | Flags |
---|---|---|---|---|---|---|
r-devel-linux-x86_64-debian-clang | 0.2.6 | 55.32 | 186.67 | 241.99 | OK | |
r-devel-linux-x86_64-debian-gcc | 0.2.6 | 38.00 | 116.99 | 154.99 | OK | |
r-devel-linux-x86_64-fedora-clang | 0.2.6 | 445.28 | OK | |||
r-devel-linux-x86_64-fedora-gcc | 0.2.6 | 447.57 | OK | |||
r-devel-windows-x86_64 | 0.2.6 | 58.00 | 242.00 | 300.00 | OK | |
r-patched-linux-x86_64 | 0.2.6 | 52.74 | 175.50 | 228.24 | OK | |
r-release-linux-x86_64 | 0.2.6 | 50.84 | 174.42 | 225.26 | OK | |
r-release-macos-arm64 | 0.2.6 | 108.00 | NOTE | |||
r-release-macos-x86_64 | 0.2.6 | 181.00 | NOTE | |||
r-release-windows-x86_64 | 0.2.6 | 57.00 | 244.00 | 301.00 | OK | |
r-oldrel-macos-arm64 | 0.2.6 | 115.00 | NOTE | |||
r-oldrel-macos-x86_64 | 0.2.6 | 297.00 | NOTE | |||
r-oldrel-windows-x86_64 | 0.2.6 | 59.00 | 286.00 | 345.00 | OK |
Version: 0.2.6
Check: installed package size
Result: NOTE
installed size is 6.1Mb
sub-directories of 1Mb or more:
libs 4.7Mb
Flavors: r-release-macos-arm64, r-release-macos-x86_64, r-oldrel-macos-arm64, r-oldrel-macos-x86_64