Last updated on 2025-01-19 05:49:15 CET.
Flavor | Version | Tinstall | Tcheck | Ttotal | Status | Flags |
---|---|---|---|---|---|---|
r-devel-linux-x86_64-debian-clang | 1.0.0 | 136.51 | 107.80 | 244.31 | OK | |
r-devel-linux-x86_64-debian-gcc | 1.0.0 | 130.82 | 89.15 | 219.97 | OK | |
r-devel-linux-x86_64-fedora-clang | 1.0.0 | 399.67 | OK | |||
r-devel-linux-x86_64-fedora-gcc | 1.0.0 | 492.26 | OK | |||
r-devel-windows-x86_64 | 1.0.0 | 134.00 | 129.00 | 263.00 | OK | |
r-patched-linux-x86_64 | 1.0.0 | 143.90 | 117.17 | 261.07 | NOTE | |
r-release-linux-x86_64 | 1.0.0 | 163.52 | 113.33 | 276.85 | NOTE | |
r-release-macos-arm64 | 1.0.0 | 101.00 | NOTE | |||
r-release-macos-x86_64 | 1.0.0 | 151.00 | NOTE | |||
r-release-windows-x86_64 | 1.0.0 | 135.00 | 132.00 | 267.00 | NOTE | |
r-oldrel-macos-arm64 | 1.0.0 | 106.00 | NOTE | |||
r-oldrel-macos-x86_64 | 1.0.0 | 225.00 | NOTE | |||
r-oldrel-windows-x86_64 | 1.0.0 | 184.00 | 160.00 | 344.00 | NOTE |
Version: 1.0.0
Check: for GNU extensions in Makefiles
Result: NOTE
GNU make is a SystemRequirements.
Flavors: r-patched-linux-x86_64, r-release-linux-x86_64, r-release-macos-arm64, r-release-macos-x86_64, r-release-windows-x86_64, r-oldrel-macos-arm64, r-oldrel-macos-x86_64, r-oldrel-windows-x86_64
Version: 1.0.0
Check: installed package size
Result: NOTE
installed size is 42.6Mb
sub-directories of 1Mb or more:
libs 42.4Mb
Flavors: r-release-macos-arm64, r-release-macos-x86_64, r-oldrel-macos-arm64, r-oldrel-macos-x86_64