Last updated on 2025-10-13 14:49:53 CEST.
| Flavor | Version | Tinstall | Tcheck | Ttotal | Status | Flags | 
|---|---|---|---|---|---|---|
| r-devel-linux-x86_64-debian-clang | 1.0-17 | 4.35 | 28.81 | 33.16 | NOTE | |
| r-devel-linux-x86_64-debian-gcc | 1.0-17 | 3.53 | 22.27 | 25.80 | NOTE | |
| r-devel-linux-x86_64-fedora-clang | 1.0-17 | 50.43 | OK | |||
| r-devel-linux-x86_64-fedora-gcc | 1.0-17 | 48.69 | OK | |||
| r-devel-windows-x86_64 | 1.0-17 | 8.00 | 53.00 | 61.00 | OK | |
| r-patched-linux-x86_64 | 1.0-17 | 4.43 | 27.67 | 32.10 | OK | |
| r-release-linux-x86_64 | 1.0-17 | 4.56 | 27.19 | 31.75 | OK | |
| r-release-macos-arm64 | 1.0-17 | 24.00 | OK | |||
| r-release-macos-x86_64 | 1.0-17 | 35.00 | OK | |||
| r-release-windows-x86_64 | 1.0-17 | 11.00 | 55.00 | 66.00 | OK | |
| r-oldrel-macos-arm64 | 1.0-17 | 27.00 | OK | |||
| r-oldrel-macos-x86_64 | 1.0-17 | 32.00 | OK | |||
| r-oldrel-windows-x86_64 | 1.0-17 | 12.00 | 62.00 | 74.00 | OK | 
Version: 1.0-17
Check: CRAN incoming feasibility
Result: NOTE
  Maintainer: ‘Karim Rahim <karim.rahim@queensu.ca>’
  
  No Authors@R field in DESCRIPTION.
  Please add one, modifying
    Authors@R: c(person(given = "Karim",
                        family = "Rahim",
                        role = c("aut", "cre"),
                        email = "karim.rahim@queensu.ca"),
                 person(given = c("Wesley", "S."),
                        family = "Burr",
                        role = "aut",
                        email = "wesleyburr@trentu.ca"))
  as necessary.
Flavors: r-devel-linux-x86_64-debian-clang, r-devel-linux-x86_64-debian-gcc