Last updated on 2025-01-19 05:49:15 CET.
Flavor | Version | Tinstall | Tcheck | Ttotal | Status | Flags |
---|---|---|---|---|---|---|
r-devel-linux-x86_64-debian-clang | 1.1.0 | 45.63 | 96.44 | 142.07 | NOTE | |
r-devel-linux-x86_64-debian-gcc | 1.1.0 | 31.27 | 68.97 | 100.24 | NOTE | |
r-devel-linux-x86_64-fedora-clang | 1.1.0 | 234.82 | NOTE | |||
r-devel-linux-x86_64-fedora-gcc | 1.1.0 | 249.69 | NOTE | |||
r-devel-windows-x86_64 | 1.1.0 | 45.00 | 118.00 | 163.00 | NOTE | |
r-patched-linux-x86_64 | 1.1.0 | 43.62 | 90.02 | 133.64 | NOTE | |
r-release-linux-x86_64 | 1.1.0 | 42.98 | 88.89 | 131.87 | NOTE | |
r-release-macos-arm64 | 1.1.0 | 67.00 | NOTE | |||
r-release-macos-x86_64 | 1.1.0 | 91.00 | NOTE | |||
r-release-windows-x86_64 | 1.1.0 | 45.00 | 129.00 | 174.00 | NOTE | |
r-oldrel-macos-arm64 | 1.1.0 | 75.00 | NOTE | |||
r-oldrel-macos-x86_64 | 1.1.0 | 111.00 | NOTE | |||
r-oldrel-windows-x86_64 | 1.1.0 | 56.00 | 147.00 | 203.00 | NOTE |
Version: 1.1.0
Check: C++ specification
Result: NOTE
Specified C++11: please drop specification unless essential
Flavors: r-devel-linux-x86_64-debian-clang, r-devel-linux-x86_64-debian-gcc, r-devel-linux-x86_64-fedora-clang, r-devel-linux-x86_64-fedora-gcc, r-devel-windows-x86_64, r-patched-linux-x86_64, r-release-linux-x86_64, r-release-macos-arm64, r-release-macos-x86_64, r-release-windows-x86_64, r-oldrel-macos-arm64, r-oldrel-macos-x86_64, r-oldrel-windows-x86_64