CRAN Package Check Results for Package multiway

Last updated on 2025-01-19 05:49:15 CET.

Flavor Version Tinstall Tcheck Ttotal Status Flags
r-devel-linux-x86_64-debian-clang 1.0-6 12.15 68.28 80.43 NOTE
r-devel-linux-x86_64-debian-gcc 1.0-6 8.91 44.38 53.29 NOTE
r-devel-linux-x86_64-fedora-clang 1.0-6 134.92 OK
r-devel-linux-x86_64-fedora-gcc 1.0-6 127.35 OK
r-devel-windows-x86_64 1.0-6 14.00 80.00 94.00 NOTE
r-patched-linux-x86_64 1.0-6 14.55 66.41 80.96 OK
r-release-linux-x86_64 1.0-6 11.81 68.29 80.10 OK
r-release-macos-arm64 1.0-6 31.00 OK
r-release-macos-x86_64 1.0-6 56.00 OK
r-release-windows-x86_64 1.0-6 15.00 76.00 91.00 OK
r-oldrel-macos-arm64 1.0-6 35.00 OK
r-oldrel-macos-x86_64 1.0-6 57.00 OK
r-oldrel-windows-x86_64 1.0-6 18.00 93.00 111.00 OK

Check Details

Version: 1.0-6
Check: Rd cross-references
Result: NOTE Found the following Rd file(s) with Rd \link{} targets missing package anchors: const.control.Rd: const indscal.Rd: const, cmls mcr.Rd: const, cmls parafac.Rd: const, cmls parafac2.Rd: const, cmls Please provide package anchors for all Rd \link{} targets not in the package itself and the base packages. Flavors: r-devel-linux-x86_64-debian-clang, r-devel-linux-x86_64-debian-gcc, r-devel-windows-x86_64