Last updated on 2024-04-17 13:57:35 CEST.
Flavor | Version | Tinstall | Tcheck | Ttotal | Status | Flags |
---|---|---|---|---|---|---|
r-devel-linux-x86_64-debian-clang | 0.3.5 | 5.02 | 54.98 | 60.00 | NOTE | |
r-devel-linux-x86_64-debian-gcc | 0.3.5 | 4.61 | 39.81 | 44.42 | NOTE | |
r-devel-linux-x86_64-fedora-clang | 0.3.5 | 76.62 | NOTE | |||
r-devel-linux-x86_64-fedora-gcc | 0.3.5 | 71.15 | NOTE | |||
r-prerel-macos-arm64 | 0.3.5 | 22.00 | NOTE | |||
r-prerel-windows-x86_64 | 0.3.5 | 6.00 | 55.00 | 61.00 | NOTE | |
r-patched-linux-x86_64 | 0.3.5 | 6.05 | 52.33 | 58.38 | NOTE | |
r-release-linux-x86_64 | 0.3.5 | 6.17 | 51.64 | 57.81 | OK | |
r-release-macos-arm64 | 0.3.5 | 23.00 | OK | |||
r-release-macos-x86_64 | 0.3.5 | 37.00 | OK | |||
r-release-windows-x86_64 | 0.3.5 | 5.00 | 63.00 | 68.00 | OK | |
r-oldrel-macos-arm64 | 0.3.5 | 24.00 | OK | |||
r-oldrel-windows-x86_64 | 0.3.5 | 8.00 | 66.00 | 74.00 | OK |
Version: 0.3.5
Check: Rd files
Result: NOTE
checkRd: (-1) metricUnfolding.Rd:69-70: Lost braces in \itemize; meant \describe ?
checkRd: (-1) metricUnfolding.Rd:71-72: Lost braces in \itemize; meant \describe ?
checkRd: (-1) metricUnfolding.Rd:73-74: Lost braces in \itemize; meant \describe ?
checkRd: (-1) metricUnfolding.Rd:75-79: Lost braces in \itemize; meant \describe ?
checkRd: (-1) metricUnfolding.Rd:80-86: Lost braces in \itemize; meant \describe ?
Flavors: r-devel-linux-x86_64-debian-clang, r-devel-linux-x86_64-debian-gcc, r-devel-linux-x86_64-fedora-clang, r-devel-linux-x86_64-fedora-gcc, r-prerel-macos-arm64, r-prerel-windows-x86_64, r-patched-linux-x86_64