CRAN Package Check Results for Package mutoss

Last updated on 2020-07-13 12:49:00 CEST.

Flavor Version Tinstall Tcheck Ttotal Status Flags
r-devel-linux-x86_64-debian-clang 0.1-12 13.37 113.24 126.61 OK
r-devel-linux-x86_64-debian-gcc 0.1-12 12.23 87.95 100.18 OK
r-devel-linux-x86_64-fedora-clang 0.1-12 162.77 OK
r-devel-linux-x86_64-fedora-gcc 0.1-12 162.77 OK
r-devel-windows-ix86+x86_64 0.1-12 23.00 181.00 204.00 OK
r-patched-linux-x86_64 0.1-12 13.91 112.14 126.05 OK
r-patched-solaris-x86 0.1-12 213.00 OK
r-release-linux-x86_64 0.1-12 14.41 111.86 126.27 OK
r-release-macos-x86_64 0.1-12 ERROR
r-release-windows-ix86+x86_64 0.1-12 35.00 131.00 166.00 OK
r-oldrel-macos-x86_64 0.1-12 OK
r-oldrel-windows-ix86+x86_64 0.1-12 30.00 138.00 168.00 OK

Check Details

Version: 0.1-12
Check: whether package can be installed
Result: ERROR
    Installation failed.
Flavor: r-release-macos-x86_64