Last updated on 2025-01-19 05:49:15 CET.
Flavor | Version | Tinstall | Tcheck | Ttotal | Status | Flags |
---|---|---|---|---|---|---|
r-devel-linux-x86_64-debian-clang | 0.1-10 | 3.47 | 167.26 | 170.73 | OK | |
r-devel-linux-x86_64-debian-gcc | 0.1-10 | 3.28 | 101.54 | 104.82 | OK | |
r-devel-linux-x86_64-fedora-clang | 0.1-10 | 276.15 | OK | |||
r-devel-linux-x86_64-fedora-gcc | 0.1-10 | 265.83 | OK | |||
r-devel-windows-x86_64 | 0.1-10 | 6.00 | 173.00 | 179.00 | OK | |
r-patched-linux-x86_64 | 0.1-10 | 4.02 | 162.72 | 166.74 | OK | |
r-release-linux-x86_64 | 0.1-10 | 3.73 | 160.08 | 163.81 | OK | |
r-release-macos-arm64 | 0.1-10 | 69.00 | OK | |||
r-release-macos-x86_64 | 0.1-10 | 118.00 | OK | |||
r-release-windows-x86_64 | 0.1-10 | 5.00 | 180.00 | 185.00 | OK | |
r-oldrel-macos-arm64 | 0.1-10 | 76.00 | OK | |||
r-oldrel-macos-x86_64 | 0.1-10 | 151.00 | NOTE | |||
r-oldrel-windows-x86_64 | 0.1-10 | 7.00 | 232.00 | 239.00 | OK |
Version: 0.1-10
Check: Rd cross-references
Result: NOTE
Package unavailable to check Rd xrefs: ‘sampleSelection’
Flavor: r-oldrel-macos-x86_64