CRAN Package Check Results for Package mvgam

Last updated on 2025-01-19 05:49:15 CET.

Flavor Version Tinstall Tcheck Ttotal Status Flags
r-devel-linux-x86_64-debian-clang 1.1.3 57.97 287.18 345.15 OK
r-devel-linux-x86_64-debian-gcc 1.1.3 33.00 199.29 232.29 OK
r-devel-linux-x86_64-fedora-clang 1.1.3 577.44 OK
r-devel-linux-x86_64-fedora-gcc 1.1.3 542.53 OK
r-devel-windows-x86_64 1.1.3 55.00 310.00 365.00 OK
r-patched-linux-x86_64 1.1.3 59.02 276.65 335.67 NOTE
r-release-linux-x86_64 1.1.3 55.81 274.76 330.57 NOTE
r-release-macos-arm64 1.1.3 157.00 NOTE
r-release-macos-x86_64 1.1.3 353.00 NOTE
r-release-windows-x86_64 1.1.3 55.00 305.00 360.00 NOTE
r-oldrel-macos-arm64 1.1.3 182.00 NOTE
r-oldrel-macos-x86_64 1.1.3 496.00 NOTE
r-oldrel-windows-x86_64 1.1.3 77.00 379.00 456.00 NOTE

Check Details

Version: 1.1.3
Check: package dependencies
Result: NOTE Package suggested but not available for checking: ‘cmdstanr’ Flavors: r-patched-linux-x86_64, r-release-linux-x86_64, r-release-macos-arm64, r-release-macos-x86_64, r-release-windows-x86_64, r-oldrel-macos-arm64, r-oldrel-macos-x86_64, r-oldrel-windows-x86_64

Version: 1.1.3
Check: Rd cross-references
Result: NOTE Package unavailable to check Rd xrefs: ‘cmdstanr’ Flavors: r-patched-linux-x86_64, r-release-linux-x86_64, r-release-macos-arm64, r-release-macos-x86_64, r-release-windows-x86_64, r-oldrel-macos-arm64, r-oldrel-macos-x86_64, r-oldrel-windows-x86_64

Version: 1.1.3
Check: installed package size
Result: NOTE installed size is 6.6Mb sub-directories of 1Mb or more: R 1.9Mb doc 2.0Mb libs 1.8Mb Flavors: r-release-macos-arm64, r-release-macos-x86_64, r-release-windows-x86_64, r-oldrel-macos-arm64, r-oldrel-macos-x86_64, r-oldrel-windows-x86_64