CRAN Package Check Results for Package mvinfluence

Last updated on 2025-01-19 05:49:15 CET.

Flavor Version Tinstall Tcheck Ttotal Status Flags
r-devel-linux-x86_64-debian-clang 0.9.0 6.53 61.67 68.20 NOTE
r-devel-linux-x86_64-debian-gcc 0.9.0 4.47 47.19 51.66 NOTE
r-devel-linux-x86_64-fedora-clang 0.9.0 108.24 OK
r-devel-linux-x86_64-fedora-gcc 0.9.0 114.79 OK
r-devel-windows-x86_64 0.9.0 8.00 77.00 85.00 NOTE
r-patched-linux-x86_64 0.9.0 12.89 57.17 70.06 OK
r-release-linux-x86_64 0.9.0 5.93 57.24 63.17 OK
r-release-macos-arm64 0.9.0 37.00 OK
r-release-macos-x86_64 0.9.0 53.00 OK
r-release-windows-x86_64 0.9.0 8.00 79.00 87.00 OK
r-oldrel-macos-arm64 0.9.0 37.00 OK
r-oldrel-macos-x86_64 0.9.0 67.00 OK
r-oldrel-windows-x86_64 0.9.0 10.00 86.00 96.00 OK

Check Details

Version: 0.9.0
Check: Rd cross-references
Result: NOTE Found the following Rd file(s) with Rd \link{} targets missing package anchors: influencePlot.mlm.Rd: showLabels Please provide package anchors for all Rd \link{} targets not in the package itself and the base packages. Flavors: r-devel-linux-x86_64-debian-clang, r-devel-linux-x86_64-debian-gcc, r-devel-windows-x86_64