Last updated on 2025-01-19 05:49:15 CET.
Flavor | Version | Tinstall | Tcheck | Ttotal | Status | Flags |
---|---|---|---|---|---|---|
r-devel-linux-x86_64-debian-clang | 0.0.1 | 10.23 | 71.03 | 81.26 | OK | |
r-devel-linux-x86_64-debian-gcc | 0.0.1 | 8.21 | 56.44 | 64.65 | OK | |
r-devel-linux-x86_64-fedora-clang | 0.0.1 | 124.61 | OK | |||
r-devel-linux-x86_64-fedora-gcc | 0.0.1 | 137.93 | OK | |||
r-devel-windows-x86_64 | 0.0.1 | 23.00 | 107.00 | 130.00 | OK | |
r-patched-linux-x86_64 | 0.0.1 | 10.19 | 67.22 | 77.41 | OK | |
r-release-linux-x86_64 | 0.0.1 | 10.96 | 67.19 | 78.15 | OK | |
r-release-macos-arm64 | 0.0.1 | 54.00 | NOTE | |||
r-release-macos-x86_64 | 0.0.1 | 87.00 | NOTE | |||
r-release-windows-x86_64 | 0.0.1 | 23.00 | 97.00 | 120.00 | OK | |
r-oldrel-macos-arm64 | 0.0.1 | 62.00 | NOTE | |||
r-oldrel-macos-x86_64 | 0.0.1 | 120.00 | NOTE | |||
r-oldrel-windows-x86_64 | 0.0.1 | 29.00 | 113.00 | 142.00 | OK |
Version: 0.0.1
Check: installed package size
Result: NOTE
installed size is 6.0Mb
sub-directories of 1Mb or more:
data 5.7Mb
Flavors: r-release-macos-arm64, r-release-macos-x86_64, r-oldrel-macos-arm64, r-oldrel-macos-x86_64