Last updated on 2025-01-19 05:49:15 CET.
Flavor | Version | Tinstall | Tcheck | Ttotal | Status | Flags |
---|---|---|---|---|---|---|
r-devel-linux-x86_64-debian-clang | 0.1.0 | 72.50 | 138.39 | 210.89 | OK | |
r-devel-linux-x86_64-debian-gcc | 0.1.0 | 49.88 | 104.20 | 154.08 | OK | |
r-devel-linux-x86_64-fedora-clang | 0.1.0 | 378.72 | OK | |||
r-devel-linux-x86_64-fedora-gcc | 0.1.0 | 367.83 | OK | |||
r-devel-windows-x86_64 | 0.1.0 | 80.00 | 0.00 | 80.00 | FAIL | |
r-patched-linux-x86_64 | 0.1.0 | 67.30 | 127.10 | 194.40 | OK | |
r-release-linux-x86_64 | 0.1.0 | 67.71 | 122.41 | 190.12 | OK | |
r-release-macos-arm64 | 0.1.0 | 92.00 | OK | |||
r-release-macos-x86_64 | 0.1.0 | 203.00 | OK | |||
r-release-windows-x86_64 | 0.1.0 | 80.00 | 151.00 | 231.00 | OK | |
r-oldrel-macos-arm64 | 0.1.0 | 97.00 | OK | |||
r-oldrel-macos-x86_64 | 0.1.0 | 166.00 | OK | |||
r-oldrel-windows-x86_64 | 0.1.0 | 92.00 | 187.00 | 279.00 | OK |
Version: 0.1.0
Check: PDF version of manual
Result: FAIL
Check process probably crashed or hung up for 20 minutes ... killed
Most likely this happened in the example checks (?),
if not, ignore the following last lines of example output:
50 -8.321854e-02 1.984355e+02 NA NA FALSE FALSE
51 2.874463e-04 8.019273e+04 1e-06 NA TRUE FALSE
52 2.964744e+01 4.366621e+00 NA NA FALSE FALSE
53 2.393590e+01 5.375154e+00 NA NA FALSE FALSE
54 1.416026e+01 9.541790e+00 NA NA FALSE FALSE
55 3.669872e+01 3.185230e+00 NA NA FALSE FALSE
56 8.467949e+00 1.120896e+01 NA NA FALSE FALSE
57 1.598077e+01 7.719815e+00 NA NA FALSE FALSE
58 1.389103e+01 5.660535e+00 NA NA FALSE FALSE
59 1.754487e+01 3.779499e+00 NA NA FALSE FALSE
60 2.276923e+01 6.552682e+00 NA NA FALSE FALSE
-------------------------------------------------------------------------------->
>
>
> ### * <FOOTER>
> ###
> cleanEx()
> options(digits = 7L)
> base::cat("Time elapsed: ", proc.time() - base::get("ptime", pos = 'CheckExEnv'),"\n")
Time elapsed: 41.28 0.33 41.61 NA NA
> grDevices::dev.off()
null device
1
> ###
> ### Local variables: ***
> ### mode: outline-minor ***
> ### outline-regexp: "\\(> \\)?### [*]+" ***
> ### End: ***
> quit('no')
======== End of example output (where/before crash/hang up occured ?) ========
Flavor: r-devel-windows-x86_64