Last updated on 2024-04-17 13:57:35 CEST.
Flavor | Version | Tinstall | Tcheck | Ttotal | Status | Flags |
---|---|---|---|---|---|---|
r-devel-linux-x86_64-debian-clang | 0.9.3 | 40.26 | 198.27 | 238.53 | NOTE | |
r-devel-linux-x86_64-debian-gcc | 0.9.3 | 25.92 | 152.65 | 178.57 | NOTE | |
r-devel-linux-x86_64-fedora-clang | 0.9.3 | 319.27 | NOTE | |||
r-devel-linux-x86_64-fedora-gcc | 0.9.3 | 327.47 | NOTE | |||
r-prerel-macos-arm64 | 0.9.3 | 111.00 | NOTE | |||
r-prerel-macos-x86_64 | 0.9.3 | 187.00 | NOTE | |||
r-prerel-windows-x86_64 | 0.9.3 | 29.00 | 200.00 | 229.00 | NOTE | |
r-patched-linux-x86_64 | 0.9.3 | 36.36 | 190.05 | 226.41 | NOTE | |
r-release-linux-x86_64 | 0.9.3 | 30.40 | 184.02 | 214.42 | NOTE | |
r-release-macos-arm64 | 0.9.3 | 120.00 | NOTE | |||
r-release-macos-x86_64 | 0.9.3 | 187.00 | NOTE | |||
r-release-windows-x86_64 | 0.9.3 | 37.00 | 247.00 | 284.00 | NOTE | |
r-oldrel-macos-arm64 | 0.9.3 | 101.00 | OK | |||
r-oldrel-windows-x86_64 | 0.9.3 | 39.00 | 250.00 | 289.00 | OK |
Version: 0.9.3
Check: C++ specification
Result: NOTE
Specified C++11: please drop specification unless essential
Flavors: r-devel-linux-x86_64-debian-clang, r-devel-linux-x86_64-debian-gcc, r-devel-linux-x86_64-fedora-clang, r-devel-linux-x86_64-fedora-gcc, r-prerel-macos-arm64, r-prerel-macos-x86_64, r-prerel-windows-x86_64, r-patched-linux-x86_64, r-release-linux-x86_64, r-release-macos-arm64, r-release-macos-x86_64, r-release-windows-x86_64