Last updated on 2025-01-19 05:49:15 CET.
Flavor | Version | Tinstall | Tcheck | Ttotal | Status | Flags |
---|---|---|---|---|---|---|
r-devel-linux-x86_64-debian-clang | 1.0 | 1.86 | 20.08 | 21.94 | OK | |
r-devel-linux-x86_64-debian-gcc | 1.0 | 1.44 | 16.27 | 17.71 | OK | |
r-devel-linux-x86_64-fedora-clang | 1.0 | 34.59 | NOTE | |||
r-devel-linux-x86_64-fedora-gcc | 1.0 | 34.41 | NOTE | |||
r-devel-windows-x86_64 | 1.0 | 3.00 | 42.00 | 45.00 | OK | |
r-patched-linux-x86_64 | 1.0 | 1.86 | 18.94 | 20.80 | OK | |
r-release-linux-x86_64 | 1.0 | 1.74 | 18.96 | 20.70 | OK | |
r-release-macos-arm64 | 1.0 | 16.00 | OK | |||
r-release-macos-x86_64 | 1.0 | 21.00 | OK | |||
r-release-windows-x86_64 | 1.0 | 3.00 | 44.00 | 47.00 | OK | |
r-oldrel-macos-arm64 | 1.0 | 20.00 | OK | |||
r-oldrel-macos-x86_64 | 1.0 | 30.00 | OK | |||
r-oldrel-windows-x86_64 | 1.0 | 3.00 | 44.00 | 47.00 | OK |
Version: 1.0
Check: dependencies in R code
Result: NOTE
Namespace in Imports field not imported from: ‘stats’
All declared Imports should be used.
Flavors: r-devel-linux-x86_64-fedora-clang, r-devel-linux-x86_64-fedora-gcc