CRAN Package Check Results for Package nabor

Last updated on 2025-01-19 05:49:15 CET.

Flavor Version Tinstall Tcheck Ttotal Status Flags
r-devel-linux-x86_64-debian-clang 0.5.0 46.66 29.19 75.85 OK
r-devel-linux-x86_64-debian-gcc 0.5.0 36.63 23.46 60.09 OK
r-devel-linux-x86_64-fedora-clang 0.5.0 136.99 OK
r-devel-linux-x86_64-fedora-gcc 0.5.0 152.29 OK
r-devel-windows-x86_64 0.5.0 51.00 70.00 121.00 OK
r-patched-linux-x86_64 0.5.0 49.35 28.62 77.97 OK
r-release-linux-x86_64 0.5.0 48.16 28.42 76.58 OK
r-release-macos-arm64 0.5.0 38.00 NOTE
r-release-macos-x86_64 0.5.0 51.00 NOTE
r-release-windows-x86_64 0.5.0 50.00 73.00 123.00 OK
r-oldrel-macos-arm64 0.5.0 45.00 NOTE
r-oldrel-macos-x86_64 0.5.0 66.00 NOTE
r-oldrel-windows-x86_64 0.5.0 58.00 80.00 138.00 OK

Check Details

Version: 0.5.0
Check: installed package size
Result: NOTE installed size is 8.8Mb sub-directories of 1Mb or more: libs 8.7Mb Flavors: r-release-macos-arm64, r-release-macos-x86_64, r-oldrel-macos-arm64, r-oldrel-macos-x86_64