Last updated on 2025-01-19 05:49:15 CET.
Flavor | Version | Tinstall | Tcheck | Ttotal | Status | Flags |
---|---|---|---|---|---|---|
r-devel-linux-x86_64-debian-clang | 2.18.0 | 23.98 | 72.51 | 96.49 | OK | |
r-devel-linux-x86_64-debian-gcc | 2.18.0 | 16.79 | 51.08 | 67.87 | OK | |
r-devel-linux-x86_64-fedora-clang | 2.18.0 | 180.49 | OK | |||
r-devel-linux-x86_64-fedora-gcc | 2.18.0 | 157.62 | OK | |||
r-devel-windows-x86_64 | 2.18.0 | 33.00 | 103.00 | 136.00 | OK | |
r-patched-linux-x86_64 | 2.18.0 | 23.40 | 68.81 | 92.21 | NOTE | |
r-release-linux-x86_64 | 2.18.0 | 21.28 | 67.64 | 88.92 | NOTE | |
r-release-macos-arm64 | 2.18.0 | 45.00 | NOTE | |||
r-release-macos-x86_64 | 2.18.0 | 59.00 | NOTE | |||
r-release-windows-x86_64 | 2.18.0 | 32.00 | 180.00 | 212.00 | NOTE | |
r-oldrel-macos-arm64 | 2.18.0 | 62.00 | NOTE | |||
r-oldrel-macos-x86_64 | 2.18.0 | 116.00 | NOTE | |||
r-oldrel-windows-x86_64 | 2.18.0 | 34.00 | 125.00 | 159.00 | NOTE |
Version: 2.18.0
Check: package dependencies
Result: NOTE
Package which this enhances but not available for checking: ‘asreml’
Flavors: r-patched-linux-x86_64, r-release-linux-x86_64, r-release-macos-arm64, r-release-macos-x86_64, r-release-windows-x86_64, r-oldrel-macos-arm64, r-oldrel-macos-x86_64, r-oldrel-windows-x86_64