Last updated on 2025-01-19 05:49:15 CET.
Flavor | Version | Tinstall | Tcheck | Ttotal | Status | Flags |
---|---|---|---|---|---|---|
r-devel-linux-x86_64-debian-clang | 0.1.3 | 572.22 | 40.27 | 612.49 | OK | |
r-devel-linux-x86_64-debian-gcc | 0.1.3 | 400.30 | 30.35 | 430.65 | OK | |
r-devel-linux-x86_64-fedora-clang | 0.1.3 | 1315.49 | OK | |||
r-devel-linux-x86_64-fedora-gcc | 0.1.3 | 1333.18 | OK | |||
r-devel-windows-x86_64 | 0.1.3 | 545.00 | 91.00 | 636.00 | OK | |
r-patched-linux-x86_64 | 0.1.3 | 580.67 | 38.74 | 619.41 | OK | |
r-release-linux-x86_64 | 0.1.3 | 577.34 | 38.81 | 616.15 | OK | |
r-release-macos-arm64 | 0.1.3 | 260.00 | NOTE | |||
r-release-macos-x86_64 | 0.1.3 | 231.00 | NOTE | |||
r-release-windows-x86_64 | 0.1.3 | 578.00 | 93.00 | 671.00 | NOTE | |
r-oldrel-macos-arm64 | 0.1.3 | 342.00 | NOTE | |||
r-oldrel-macos-x86_64 | 0.1.3 | 251.00 | NOTE | |||
r-oldrel-windows-x86_64 | 0.1.3 | 629.00 | 104.00 | 733.00 | NOTE |
Version: 0.1.3
Check: installed package size
Result: NOTE
installed size is 25.7Mb
sub-directories of 1Mb or more:
data 1.9Mb
libs 22.5Mb
models 1.1Mb
Flavors: r-release-macos-arm64, r-release-macos-x86_64, r-release-windows-x86_64, r-oldrel-macos-arm64, r-oldrel-macos-x86_64, r-oldrel-windows-x86_64