Last updated on 2025-01-19 05:49:15 CET.
Flavor | Version | Tinstall | Tcheck | Ttotal | Status | Flags |
---|---|---|---|---|---|---|
r-devel-linux-x86_64-debian-clang | 0.3.11 | 50.50 | 65.14 | 115.64 | OK | |
r-devel-linux-x86_64-debian-gcc | 0.3.11 | 38.78 | 45.82 | 84.60 | OK | |
r-devel-linux-x86_64-fedora-clang | 0.3.11 | 219.17 | OK | |||
r-devel-linux-x86_64-fedora-gcc | 0.3.11 | 226.91 | OK | |||
r-devel-windows-x86_64 | 0.3.11 | 53.00 | 117.00 | 170.00 | OK | |
r-patched-linux-x86_64 | 0.3.11 | 54.92 | 60.79 | 115.71 | OK | |
r-release-linux-x86_64 | 0.3.11 | 53.01 | 60.29 | 113.30 | OK | |
r-release-macos-arm64 | 0.3.11 | 67.00 | WARN | |||
r-release-macos-x86_64 | 0.3.11 | 112.00 | OK | |||
r-release-windows-x86_64 | 0.3.11 | 57.00 | 114.00 | 171.00 | OK | |
r-oldrel-macos-arm64 | 0.3.11 | 49.00 | NOTE | |||
r-oldrel-macos-x86_64 | 0.3.11 | 118.00 | OK | |||
r-oldrel-windows-x86_64 | 0.3.11 | 65.00 | 125.00 | 190.00 | OK |
Version: 0.3.11
Check: installed package size
Result: NOTE
installed size is 5.2Mb
sub-directories of 1Mb or more:
libs 4.2Mb
Flavors: r-release-macos-arm64, r-oldrel-macos-arm64
Version: 0.3.11
Check: PDF version of manual
Result: WARN
LaTeX errors when creating PDF version.
This typically indicates Rd problems.
LaTeX errors found:
! I can't write on file `Rd2.aux'.
\document ...ate \openout \@mainaux \jobname .aux
\immediate \write \@mainau...
l.8 \begin{document}
! Emergency stop.
\document ...ate \openout \@mainaux \jobname .aux
\immediate \write \@mainau...
l.8 \begin{document}
! ==> Fatal error occurred, no output PDF file produced!
Flavor: r-release-macos-arm64