Last updated on 2025-01-19 05:49:15 CET.
Flavor | Version | Tinstall | Tcheck | Ttotal | Status | Flags |
---|---|---|---|---|---|---|
r-devel-linux-x86_64-debian-clang | 0.1.6 | 5.59 | 34.97 | 40.56 | NOTE | |
r-devel-linux-x86_64-debian-gcc | 0.1.6 | 4.36 | 25.80 | 30.16 | NOTE | |
r-devel-linux-x86_64-fedora-clang | 0.1.6 | 67.30 | NOTE | |||
r-devel-linux-x86_64-fedora-gcc | 0.1.6 | 67.49 | NOTE | |||
r-devel-windows-x86_64 | 0.1.6 | 7.00 | 55.00 | 62.00 | NOTE | |
r-patched-linux-x86_64 | 0.1.6 | 5.60 | 33.34 | 38.94 | NOTE | |
r-release-linux-x86_64 | 0.1.6 | 5.17 | 33.36 | 38.53 | NOTE | |
r-release-macos-arm64 | 0.1.6 | 23.00 | NOTE | |||
r-release-macos-x86_64 | 0.1.6 | 31.00 | NOTE | |||
r-release-windows-x86_64 | 0.1.6 | 6.00 | 55.00 | 61.00 | NOTE | |
r-oldrel-macos-arm64 | 0.1.6 | 26.00 | OK | |||
r-oldrel-macos-x86_64 | 0.1.6 | 32.00 | OK | |||
r-oldrel-windows-x86_64 | 0.1.6 | 9.00 | 60.00 | 69.00 | OK |
Version: 0.1.6
Check: Rd files
Result: NOTE
checkRd: (-1) fod.Rd:12: Lost braces in \itemize; meant \describe ?
checkRd: (-1) fod.Rd:13: Lost braces in \itemize; meant \describe ?
checkRd: (-1) fod.Rd:14: Lost braces in \itemize; meant \describe ?
Flavors: r-devel-linux-x86_64-debian-clang, r-devel-linux-x86_64-debian-gcc, r-devel-linux-x86_64-fedora-clang, r-devel-linux-x86_64-fedora-gcc, r-devel-windows-x86_64, r-patched-linux-x86_64, r-release-linux-x86_64, r-release-macos-arm64, r-release-macos-x86_64, r-release-windows-x86_64