CRAN Package Check Results for Package nat

Last updated on 2019-10-21 12:46:27 CEST.

Flavor Version Tinstall Tcheck Ttotal Status Flags
r-devel-linux-x86_64-debian-clang 1.8.13 16.22 125.97 142.19 OK
r-devel-linux-x86_64-debian-gcc 1.8.13 13.50 98.79 112.29 OK
r-devel-linux-x86_64-fedora-clang 1.8.13 168.55 OK
r-devel-linux-x86_64-fedora-gcc 1.8.13 165.55 OK
r-devel-windows-ix86+x86_64 1.8.13 24.00 223.00 247.00 OK
r-patched-linux-x86_64 1.8.13 14.93 125.56 140.49 OK
r-patched-solaris-x86 1.8.13 220.20 OK
r-release-linux-x86_64 1.8.13 14.11 126.79 140.90 OK
r-release-windows-ix86+x86_64 1.8.13 51.00 152.00 203.00 OK
r-release-osx-x86_64 1.8.13 WARN
r-oldrel-windows-ix86+x86_64 1.8.13 18.00 138.00 156.00 OK
r-oldrel-osx-x86_64 1.8.13 WARN

Check Details

Version: 1.8.13
Check: whether package can be installed
Result: WARN
    Found the following significant warnings:
     Warning: 'rgl_init' failed, running with rgl.useNULL = TRUE
Flavors: r-release-osx-x86_64, r-oldrel-osx-x86_64

Version: 1.8.13
Check: dependencies in R code
Result: NOTE
    No protocol specified
Flavors: r-release-osx-x86_64, r-oldrel-osx-x86_64

Version: 1.8.13
Check: S3 generic/method consistency
Result: WARN
    No protocol specified
    See section ‘Generic functions and methods’ in the ‘Writing R
    Extensions’ manual.
Flavors: r-release-osx-x86_64, r-oldrel-osx-x86_64

Version: 1.8.13
Check: replacement functions
Result: WARN
    No protocol specified
    The argument of a replacement function which corresponds to the right
    hand side must be named ‘value’.
Flavors: r-release-osx-x86_64, r-oldrel-osx-x86_64

Version: 1.8.13
Check: foreign function calls
Result: NOTE
    No protocol specified
    See chapter ‘System and foreign language interfaces’ in the ‘Writing R
    Extensions’ manual.
Flavors: r-release-osx-x86_64, r-oldrel-osx-x86_64

Version: 1.8.13
Check: R code for possible problems
Result: NOTE
    No protocol specified
Flavors: r-release-osx-x86_64, r-oldrel-osx-x86_64

Version: 1.8.13
Check: for missing documentation entries
Result: WARN
    No protocol specified
    All user-level objects in a package should have documentation entries.
    See chapter ‘Writing R documentation files’ in the ‘Writing R
    Extensions’ manual.
Flavors: r-release-osx-x86_64, r-oldrel-osx-x86_64

Version: 1.8.13
Check: for code/documentation mismatches
Result: WARN
    No protocol specified
    No protocol specified
    No protocol specified
Flavors: r-release-osx-x86_64, r-oldrel-osx-x86_64

Version: 1.8.13
Check: Rd \usage sections
Result: NOTE
    No protocol specified
    The \usage entries for S3 methods should use the \method markup and not
    their full name.
    See chapter ‘Writing R documentation files’ in the ‘Writing R
    Extensions’ manual.
Flavors: r-release-osx-x86_64, r-oldrel-osx-x86_64