Last updated on 2025-01-19 05:49:15 CET.
Flavor | Version | Tinstall | Tcheck | Ttotal | Status | Flags |
---|---|---|---|---|---|---|
r-devel-linux-x86_64-debian-clang | 0.5.1 | 0.33 | 1.61 | 1.94 | ERROR | |
r-devel-linux-x86_64-debian-gcc | 0.5.1 | 2.28 | 22.55 | 24.83 | NOTE | |
r-devel-linux-x86_64-fedora-clang | 0.5.1 | 52.57 | OK | |||
r-devel-linux-x86_64-fedora-gcc | 0.5.1 | 47.80 | OK | |||
r-devel-windows-x86_64 | 0.5.1 | 5.00 | 51.00 | 56.00 | NOTE | |
r-patched-linux-x86_64 | 0.5.1 | 7.04 | 27.47 | 34.51 | OK | |
r-release-linux-x86_64 | 0.5.1 | 2.69 | 27.25 | 29.94 | OK | |
r-release-macos-arm64 | 0.5.1 | 22.00 | OK | |||
r-release-macos-x86_64 | 0.5.1 | 27.00 | OK | |||
r-release-windows-x86_64 | 0.5.1 | 5.00 | 51.00 | 56.00 | OK | |
r-oldrel-macos-arm64 | 0.5.1 | 20.00 | OK | |||
r-oldrel-macos-x86_64 | 0.5.1 | 33.00 | OK | |||
r-oldrel-windows-x86_64 | 0.5.1 | 5.00 | 53.00 | 58.00 | OK |
Version: 0.5.1
Check: package dependencies
Result: ERROR
Package required but not available: ‘pak’
See section ‘The DESCRIPTION file’ in the ‘Writing R Extensions’
manual.
Flavor: r-devel-linux-x86_64-debian-clang
Version: 0.5.1
Check: Rd cross-references
Result: NOTE
Found the following Rd file(s) with Rd \link{} targets missing package
anchors:
install.Rd: pak
selfupdate.Rd: pak
Please provide package anchors for all Rd \link{} targets not in the
package itself and the base packages.
Flavors: r-devel-linux-x86_64-debian-gcc, r-devel-windows-x86_64