Last updated on 2025-01-19 05:49:15 CET.
Flavor | Version | Tinstall | Tcheck | Ttotal | Status | Flags |
---|---|---|---|---|---|---|
r-devel-linux-x86_64-debian-clang | 0.9.0 | 10.44 | 122.61 | 133.05 | OK | |
r-devel-linux-x86_64-debian-gcc | 0.9.0 | 7.62 | 97.67 | 105.29 | OK | |
r-devel-linux-x86_64-fedora-clang | 0.9.0 | 209.86 | OK | |||
r-devel-linux-x86_64-fedora-gcc | 0.9.0 | 241.53 | OK | |||
r-devel-windows-x86_64 | 0.9.0 | 14.00 | 145.00 | 159.00 | OK | |
r-patched-linux-x86_64 | 0.9.0 | 10.89 | 129.86 | 140.75 | NOTE | |
r-release-linux-x86_64 | 0.9.0 | 9.51 | 128.63 | 138.14 | NOTE | |
r-release-macos-arm64 | 0.9.0 | 79.00 | NOTE | |||
r-release-macos-x86_64 | 0.9.0 | 114.00 | NOTE | |||
r-release-windows-x86_64 | 0.9.0 | 14.00 | 150.00 | 164.00 | NOTE | |
r-oldrel-macos-arm64 | 0.9.0 | 90.00 | NOTE | |||
r-oldrel-macos-x86_64 | 0.9.0 | 133.00 | NOTE | |||
r-oldrel-windows-x86_64 | 0.9.0 | 15.00 | 171.00 | 186.00 | NOTE |
Version: 0.9.0
Check: LazyData
Result: NOTE
'LazyData' is specified without a 'data' directory
Flavors: r-patched-linux-x86_64, r-release-linux-x86_64, r-release-macos-arm64, r-release-macos-x86_64, r-release-windows-x86_64, r-oldrel-macos-arm64, r-oldrel-macos-x86_64, r-oldrel-windows-x86_64