CRAN Package Check Results for Package navigation

Last updated on 2025-01-19 05:49:15 CET.

Flavor Version Tinstall Tcheck Ttotal Status Flags
r-devel-linux-x86_64-debian-clang 0.0.1 61.95 159.54 221.49 OK
r-devel-linux-x86_64-debian-gcc 0.0.1 41.81 112.14 153.95 OK
r-devel-linux-x86_64-fedora-clang 0.0.1 374.93 OK
r-devel-linux-x86_64-fedora-gcc 0.0.1 393.63 OK
r-devel-windows-x86_64 0.0.1 63.00 180.00 243.00 OK
r-patched-linux-x86_64 0.0.1 57.55 152.46 210.01 NOTE
r-release-linux-x86_64 0.0.1 59.20 151.89 211.09 NOTE
r-release-macos-arm64 0.0.1 107.00 NOTE
r-release-macos-x86_64 0.0.1 146.00 NOTE
r-release-windows-x86_64 0.0.1 62.00 189.00 251.00 NOTE
r-oldrel-macos-arm64 0.0.1 98.00 NOTE
r-oldrel-macos-x86_64 0.0.1 204.00 NOTE
r-oldrel-windows-x86_64 0.0.1 82.00 222.00 304.00 NOTE

Check Details

Version: 0.0.1
Check: for GNU extensions in Makefiles
Result: NOTE GNU make is a SystemRequirements. Flavors: r-patched-linux-x86_64, r-release-linux-x86_64, r-release-macos-arm64, r-release-macos-x86_64, r-release-windows-x86_64, r-oldrel-macos-arm64, r-oldrel-macos-x86_64, r-oldrel-windows-x86_64

Version: 0.0.1
Check: installed package size
Result: NOTE installed size is 13.9Mb sub-directories of 1Mb or more: data 2.1Mb doc 6.5Mb libs 4.8Mb Flavors: r-release-macos-arm64, r-release-macos-x86_64, r-release-windows-x86_64, r-oldrel-macos-arm64, r-oldrel-macos-x86_64, r-oldrel-windows-x86_64