CRAN Package Check Results for Package ncdump

Last updated on 2025-01-19 05:49:15 CET.

Flavor Version Tinstall Tcheck Ttotal Status Flags
r-devel-linux-x86_64-debian-clang 0.0.3 4.07 34.01 38.08 OK
r-devel-linux-x86_64-debian-gcc 0.0.3 2.68 24.44 27.12 OK
r-devel-linux-x86_64-fedora-clang 0.0.3 59.23 OK
r-devel-linux-x86_64-fedora-gcc 0.0.3 58.42 OK
r-devel-windows-x86_64 0.0.3 6.00 53.00 59.00 OK
r-patched-linux-x86_64 0.0.3 2.86 31.65 34.51 NOTE
r-release-linux-x86_64 0.0.3 3.06 31.59 34.65 NOTE
r-release-macos-arm64 0.0.3 26.00 NOTE
r-release-macos-x86_64 0.0.3 32.00 NOTE
r-release-windows-x86_64 0.0.3 5.00 52.00 57.00 NOTE
r-oldrel-macos-arm64 0.0.3 23.00 NOTE
r-oldrel-macos-x86_64 0.0.3 33.00 NOTE
r-oldrel-windows-x86_64 0.0.3 6.00 57.00 63.00 NOTE

Check Details

Version: 0.0.3
Check: LazyData
Result: NOTE 'LazyData' is specified without a 'data' directory Flavors: r-patched-linux-x86_64, r-release-linux-x86_64, r-release-macos-arm64, r-release-macos-x86_64, r-release-windows-x86_64, r-oldrel-macos-arm64, r-oldrel-macos-x86_64, r-oldrel-windows-x86_64