CRAN Package Check Results for Package ndi

Last updated on 2025-01-19 05:49:15 CET.

Flavor Version Tinstall Tcheck Ttotal Status Flags
r-devel-linux-x86_64-debian-clang 0.1.5 13.62 116.84 130.46 NOTE
r-devel-linux-x86_64-debian-gcc 0.1.5 9.76 84.85 94.61 NOTE
r-devel-linux-x86_64-fedora-clang 0.1.5 222.29 OK
r-devel-linux-x86_64-fedora-gcc 0.1.5 204.72 OK
r-devel-windows-x86_64 0.1.5 15.00 121.00 136.00 NOTE
r-patched-linux-x86_64 0.1.5 19.90 109.24 129.14 OK
r-release-linux-x86_64 0.1.5 13.40 107.45 120.85 OK
r-release-macos-arm64 0.1.5 61.00 OK
r-release-macos-x86_64 0.1.5 89.00 OK
r-release-windows-x86_64 0.1.5 15.00 121.00 136.00 OK
r-oldrel-macos-arm64 0.1.5 74.00 OK
r-oldrel-macos-x86_64 0.1.5 147.00 OK
r-oldrel-windows-x86_64 0.1.5 19.00 147.00 166.00 OK

Check Details

Version: 0.1.5
Check: Rd cross-references
Result: NOTE Found the following Rd file(s) with Rd \link{} targets missing package anchors: ndi-package.Rd: tidycensus, psych, sf, Matrix Please provide package anchors for all Rd \link{} targets not in the package itself and the base packages. Flavors: r-devel-linux-x86_64-debian-clang, r-devel-linux-x86_64-debian-gcc, r-devel-windows-x86_64