Last updated on 2025-01-19 05:49:15 CET.
Flavor | Version | Tinstall | Tcheck | Ttotal | Status | Flags |
---|---|---|---|---|---|---|
r-devel-linux-x86_64-debian-clang | 0.9.0 | 17.80 | 24.16 | 41.96 | OK | |
r-devel-linux-x86_64-debian-gcc | 0.9.0 | 12.84 | 18.95 | 31.79 | OK | |
r-devel-linux-x86_64-fedora-clang | 0.9.0 | 73.16 | OK | |||
r-devel-linux-x86_64-fedora-gcc | 0.9.0 | 77.33 | OK | |||
r-devel-windows-x86_64 | 0.9.0 | 21.00 | 65.00 | 86.00 | NOTE | |
r-patched-linux-x86_64 | 0.9.0 | 18.81 | 22.78 | 41.59 | OK | |
r-release-linux-x86_64 | 0.9.0 | 17.14 | 22.81 | 39.95 | OK | |
r-release-macos-arm64 | 0.9.0 | 25.00 | OK | |||
r-release-macos-x86_64 | 0.9.0 | 37.00 | OK | |||
r-release-windows-x86_64 | 0.9.0 | 20.00 | 69.00 | 89.00 | NOTE | |
r-oldrel-macos-arm64 | 0.9.0 | 28.00 | OK | |||
r-oldrel-macos-x86_64 | 0.9.0 | 42.00 | OK | |||
r-oldrel-windows-x86_64 | 0.9.0 | 24.00 | 74.00 | 98.00 | NOTE |
Version: 0.9.0
Check: C++ specification
Result: NOTE
Specified C++14: please drop specification unless essential
Flavors: r-devel-windows-x86_64, r-release-windows-x86_64, r-oldrel-windows-x86_64