CRAN Package Check Results for Package neighbr

Last updated on 2025-01-19 05:49:15 CET.

Flavor Version Tinstall Tcheck Ttotal Status Flags
r-devel-linux-x86_64-debian-clang 1.0.3 1.79 30.00 31.79 OK
r-devel-linux-x86_64-debian-gcc 1.0.3 1.44 22.08 23.52 OK
r-devel-linux-x86_64-fedora-clang 1.0.3 54.74 OK
r-devel-linux-x86_64-fedora-gcc 1.0.3 66.88 OK
r-devel-windows-x86_64 1.0.3 4.00 52.00 56.00 OK
r-patched-linux-x86_64 1.0.3 1.67 28.32 29.99 NOTE
r-release-linux-x86_64 1.0.3 1.58 28.37 29.95 NOTE
r-release-macos-arm64 1.0.3 24.00 NOTE
r-release-macos-x86_64 1.0.3 45.00 NOTE
r-release-windows-x86_64 1.0.3 3.00 51.00 54.00 NOTE
r-oldrel-macos-arm64 1.0.3 24.00 NOTE
r-oldrel-macos-x86_64 1.0.3 38.00 NOTE
r-oldrel-windows-x86_64 1.0.3 3.00 54.00 57.00 NOTE

Check Details

Version: 1.0.3
Check: LazyData
Result: NOTE 'LazyData' is specified without a 'data' directory Flavors: r-patched-linux-x86_64, r-release-linux-x86_64, r-release-macos-arm64, r-release-macos-x86_64, r-release-windows-x86_64, r-oldrel-macos-arm64, r-oldrel-macos-x86_64, r-oldrel-windows-x86_64