Last updated on 2025-01-19 05:49:15 CET.
Flavor | Version | Tinstall | Tcheck | Ttotal | Status | Flags |
---|---|---|---|---|---|---|
r-devel-linux-x86_64-debian-clang | 1.0.2 | 390.02 | 99.50 | 489.52 | NOTE | |
r-devel-linux-x86_64-debian-gcc | 1.0.2 | 272.87 | 71.78 | 344.65 | NOTE | |
r-devel-linux-x86_64-fedora-clang | 1.0.2 | 1074.97 | NOTE | |||
r-devel-linux-x86_64-fedora-gcc | 1.0.2 | 1038.42 | NOTE | |||
r-devel-windows-x86_64 | 1.0.2 | 415.00 | 142.00 | 557.00 | NOTE | |
r-patched-linux-x86_64 | 1.0.2 | 388.34 | 93.04 | 481.38 | NOTE | |
r-release-linux-x86_64 | 1.0.2 | 393.17 | 93.41 | 486.58 | NOTE | |
r-release-macos-arm64 | 1.0.2 | 212.00 | NOTE | |||
r-release-macos-x86_64 | 1.0.2 | 204.00 | NOTE | |||
r-release-windows-x86_64 | 1.0.2 | 409.00 | 138.00 | 547.00 | NOTE | |
r-oldrel-macos-arm64 | 1.0.2 | 290.00 | NOTE | |||
r-oldrel-macos-x86_64 | 1.0.2 | 514.00 | NOTE | |||
r-oldrel-windows-x86_64 | 1.0.2 | 465.00 | 171.00 | 636.00 | NOTE |
Version: 1.0.2
Check: C++ specification
Result: NOTE
Specified C++11: please drop specification unless essential
Flavors: r-devel-linux-x86_64-debian-clang, r-devel-linux-x86_64-debian-gcc, r-devel-linux-x86_64-fedora-clang, r-devel-linux-x86_64-fedora-gcc, r-devel-windows-x86_64, r-patched-linux-x86_64, r-release-linux-x86_64, r-release-macos-arm64, r-release-macos-x86_64, r-release-windows-x86_64, r-oldrel-macos-arm64, r-oldrel-macos-x86_64, r-oldrel-windows-x86_64
Version: 1.0.2
Check: installed package size
Result: NOTE
installed size is 11.4Mb
sub-directories of 1Mb or more:
libs 11.2Mb
Flavors: r-release-macos-arm64, r-release-macos-x86_64, r-oldrel-macos-arm64, r-oldrel-macos-x86_64