Last updated on 2025-01-19 05:49:15 CET.
Flavor | Version | Tinstall | Tcheck | Ttotal | Status | Flags |
---|---|---|---|---|---|---|
r-devel-linux-x86_64-debian-clang | 1.22.6 | 106.48 | 359.57 | 466.05 | OK | |
r-devel-linux-x86_64-debian-gcc | 1.22.6 | 80.18 | 224.02 | 304.20 | OK | |
r-devel-linux-x86_64-fedora-clang | 1.22.6 | 816.00 | OK | |||
r-devel-linux-x86_64-fedora-gcc | 1.22.6 | 853.62 | OK | |||
r-devel-windows-x86_64 | 1.22.6 | 113.00 | 267.00 | 380.00 | OK | --no-vignettes |
r-patched-linux-x86_64 | 1.22.6 | 114.12 | 335.31 | 449.43 | OK | |
r-release-linux-x86_64 | 1.22.6 | 110.66 | 334.67 | 445.33 | OK | |
r-release-macos-arm64 | 1.22.6 | 177.00 | NOTE | |||
r-release-macos-x86_64 | 1.22.6 | 252.00 | NOTE | |||
r-release-windows-x86_64 | 1.22.6 | 115.00 | 270.00 | 385.00 | NOTE | --no-vignettes |
r-oldrel-macos-arm64 | 1.22.6 | 195.00 | NOTE | |||
r-oldrel-macos-x86_64 | 1.22.6 | 361.00 | NOTE | |||
r-oldrel-windows-x86_64 | 1.22.6 | 127.00 | 318.00 | 445.00 | NOTE | --no-vignettes |
Version: 1.22.6
Check: installed package size
Result: NOTE
installed size is 9.9Mb
sub-directories of 1Mb or more:
doc 2.5Mb
libs 5.5Mb
Flavors: r-release-macos-arm64, r-release-macos-x86_64, r-oldrel-macos-arm64, r-oldrel-macos-x86_64
Version: 1.22.6
Flags: --no-vignettes
Check: installed package size
Result: NOTE
installed size is 5.8Mb
sub-directories of 1Mb or more:
doc 2.5Mb
libs 1.5Mb
Flavors: r-release-windows-x86_64, r-oldrel-windows-x86_64