Last updated on 2024-03-28 14:48:35 CET.
Flavor | Version | Tinstall | Tcheck | Ttotal | Status | Flags |
---|---|---|---|---|---|---|
r-devel-linux-x86_64-debian-clang | 4.0.5 | 94.73 | 285.92 | 380.65 | OK | |
r-devel-linux-x86_64-debian-gcc | 4.0.5 | 69.29 | 220.70 | 289.99 | OK | |
r-devel-linux-x86_64-fedora-clang | 4.0.5 | 511.71 | OK | |||
r-devel-linux-x86_64-fedora-gcc | 4.0.5 | 522.10 | OK | |||
r-devel-windows-x86_64 | 4.0.5 | 63.00 | 230.00 | 293.00 | OK | |
r-patched-linux-x86_64 | 4.0.5 | 69.50 | 285.77 | 355.27 | OK | |
r-release-linux-x86_64 | 4.0.5 | 57.98 | 292.34 | 350.32 | OK | |
r-release-macos-arm64 | 4.0.5 | 129.00 | NOTE | |||
r-release-macos-x86_64 | 4.0.5 | 314.00 | NOTE | |||
r-release-windows-x86_64 | 4.0.5 | 82.00 | 291.00 | 373.00 | OK | |
r-oldrel-macos-arm64 | 4.0.5 | 127.00 | NOTE | |||
r-oldrel-windows-x86_64 | 4.0.5 | 86.00 | 282.00 | 368.00 | OK |
Version: 4.0.5
Check: installed package size
Result: NOTE
installed size is 21.0Mb
sub-directories of 1Mb or more:
doc 2.8Mb
libs 17.3Mb
Flavors: r-release-macos-arm64, r-release-macos-x86_64, r-oldrel-macos-arm64